{"id":422,"date":"2026-01-14T10:57:20","date_gmt":"2026-01-14T09:57:20","guid":{"rendered":"https:\/\/www.europaskolan.se\/varfruberga\/?page_id=422"},"modified":"2026-03-17T11:42:39","modified_gmt":"2026-03-17T10:42:39","slug":"lasarstider-pa-forskolan-europaskolan-varfruberga","status":"publish","type":"page","link":"https:\/\/www.europaskolan.se\/varfruberga\/lasarstider-pa-forskolan-europaskolan-varfruberga\/","title":{"rendered":"L\u00e4s\u00e5rstider p\u00e5 f\u00f6rskolan Europaskolan V\u00e5rfruberga"},"content":{"rendered":"<h3 data-start=\"187\" data-end=\"430\">V\u00e5rterminen 2026<\/h3>\n<p data-start=\"187\" data-end=\"430\">Planeringsdag: onsdag 7 januari<br data-start=\"241\" data-end=\"244\" \/>Sportlov: vecka 8 (f\u00f6rskolan \u00e4r \u00f6ppen)<br data-start=\"282\" data-end=\"285\" \/>Planeringsdag: m\u00e5ndag 9 mars<br data-start=\"313\" data-end=\"316\" \/>P\u00e5sklov: vecka 15, 6\u201310 april (f\u00f6rskolan \u00e4r \u00f6ppen)<br data-start=\"366\" data-end=\"369\" \/>Planeringsdag: m\u00e5ndag 15 juni<br data-start=\"398\" data-end=\"401\" \/>Semesterst\u00e4ngt: vecka 28\u201331<\/p>\n<hr \/>\n<h3 data-start=\"432\" data-end=\"582\">H\u00f6stterminen 2026<\/h3>\n<p data-start=\"432\" data-end=\"582\">Planeringsdag: torsdag 13 augusti<br data-start=\"489\" data-end=\"492\" \/>Planeringsdag: onsdag 23 september<br data-start=\"526\" data-end=\"529\" \/>H\u00f6stlov: vecka 44, 26\u201330 oktober (f\u00f6rskolan \u00e4r \u00f6ppen)<\/p>\n<hr \/>\n<h3 data-start=\"584\" data-end=\"830\">V\u00e5rterminen 2027<\/h3>\n<p data-start=\"584\" data-end=\"830\">Planeringsdag: torsdag 7 januari<br data-start=\"639\" data-end=\"642\" \/>Sportlov: 22\u201326 februari (f\u00f6rskolan \u00e4r \u00f6ppen)<br data-start=\"687\" data-end=\"690\" \/>Planeringsdag: m\u00e5ndag 8 mars<br data-start=\"718\" data-end=\"721\" \/>P\u00e5sklov: 30 mars\u20132 april (f\u00f6rskolan \u00e4r \u00f6ppen)<br data-start=\"766\" data-end=\"769\" \/>Planeringsdag: m\u00e5ndag 14 juni<br data-start=\"798\" data-end=\"801\" \/>Semesterst\u00e4ngt: vecka 28\u201331<\/p>\n<hr \/>\n<p data-start=\"832\" data-end=\"944\">En g\u00e5ng per m\u00e5nad st\u00e4nger f\u00f6rskolan klockan 16.00 f\u00f6r att all personal ska kunna delta i gemensam planeringstid.<\/p>\n","protected":false},"excerpt":{"rendered":"<p>V\u00e5rterminen 2026 Planeringsdag: onsdag 7 januariSportlov: vecka 8 (f\u00f6rskolan \u00e4r \u00f6ppen)Planeringsdag: m\u00e5ndag 9 marsP\u00e5sklov: vecka 15, 6\u201310 april (f\u00f6rskolan \u00e4r \u00f6ppen)Planeringsdag: m\u00e5ndag 15 juniSemesterst\u00e4ngt: vecka 28\u201331 H\u00f6stterminen 2026 Planeringsdag: torsdag 13 augustiPlaneringsdag: onsdag 23 septemberH\u00f6stlov: vecka 44, 26\u201330 oktober (f\u00f6rskolan \u00e4r \u00f6ppen) V\u00e5rterminen 2027 Planeringsdag: torsdag 7 januariSportlov: 22\u201326 februari (f\u00f6rskolan \u00e4r \u00f6ppen)Planeringsdag: m\u00e5ndag 8 [&hellip;]<\/p>\n","protected":false},"author":2,"featured_media":0,"parent":0,"menu_order":0,"comment_status":"closed","ping_status":"closed","template":"","meta":{"footnotes":""},"class_list":["post-422","page","type-page","status-publish","hentry"],"blocksy_meta":[],"rttpg_featured_image_url":null,"rttpg_author":{"display_name":"camilla","author_link":"https:\/\/www.europaskolan.se\/varfruberga\/author\/camilla\/"},"rttpg_comment":0,"rttpg_category":null,"rttpg_excerpt":"V\u00e5rterminen 2026 Planeringsdag: onsdag 7 januariSportlov: vecka 8 (f\u00f6rskolan \u00e4r \u00f6ppen)Planeringsdag: m\u00e5ndag 9 marsP\u00e5sklov: vecka 15, 6\u201310 april (f\u00f6rskolan \u00e4r \u00f6ppen)Planeringsdag: m\u00e5ndag 15 juniSemesterst\u00e4ngt: vecka 28\u201331 H\u00f6stterminen 2026 Planeringsdag: torsdag 13 augustiPlaneringsdag: onsdag 23 septemberH\u00f6stlov: vecka 44, 26\u201330 oktober (f\u00f6rskolan \u00e4r \u00f6ppen) V\u00e5rterminen 2027 Planeringsdag: torsdag 7 januariSportlov: 22\u201326 februari (f\u00f6rskolan \u00e4r \u00f6ppen)Planeringsdag: m\u00e5ndag 8&hellip;","_links":{"self":[{"href":"https:\/\/www.europaskolan.se\/varfruberga\/wp-json\/wp\/v2\/pages\/422","targetHints":{"allow":["GET"]}}],"collection":[{"href":"https:\/\/www.europaskolan.se\/varfruberga\/wp-json\/wp\/v2\/pages"}],"about":[{"href":"https:\/\/www.europaskolan.se\/varfruberga\/wp-json\/wp\/v2\/types\/page"}],"author":[{"embeddable":true,"href":"https:\/\/www.europaskolan.se\/varfruberga\/wp-json\/wp\/v2\/users\/2"}],"replies":[{"embeddable":true,"href":"https:\/\/www.europaskolan.se\/varfruberga\/wp-json\/wp\/v2\/comments?post=422"}],"version-history":[{"count":0,"href":"https:\/\/www.europaskolan.se\/varfruberga\/wp-json\/wp\/v2\/pages\/422\/revisions"}],"wp:attachment":[{"href":"https:\/\/www.europaskolan.se\/varfruberga\/wp-json\/wp\/v2\/media?parent=422"}],"curies":[{"name":"wp","href":"https:\/\/api.w.org\/{rel}","templated":true}]}}

Läsårstider på förskolan Europaskolan Vårfruberga

<h3 data-start="187" data-end="430">Vårterminen 2026</h3>
<p data-start="187" data-end="430">Planeringsdag: onsdag 7 januari<br data-start="241" data-end="244" />Sportlov: vecka 8 (förskolan är öppen)<br data-start="282" data-end="285" />Planeringsdag: måndag 9 mars<br data-start="313" data-end="316" />Påsklov: vecka 15, 6–10 april (förskolan är öppen)<br data-start="366" data-end="369" />Planeringsdag: måndag 15 juni<br data-start="398" data-end="401" />Semesterstängt: vecka 28–31</p>
<hr />
<h3 data-start="432" data-end="582">Höstterminen 2026</h3>
<p data-start="432" data-end="582">Planeringsdag: torsdag 13 augusti<br data-start="489" data-end="492" />Planeringsdag: onsdag 23 september<br data-start="526" data-end="529" />Höstlov: vecka 44, 26–30 oktober (förskolan är öppen)</p>
<hr />
<h3 data-start="584" data-end="830">Vårterminen 2027</h3>
<p data-start="584" data-end="830">Planeringsdag: torsdag 7 januari<br data-start="639" data-end="642" />Sportlov: 22–26 februari (förskolan är öppen)<br data-start="687" data-end="690" />Planeringsdag: måndag 8 mars<br data-start="718" data-end="721" />Påsklov: 30 mars–2 april (förskolan är öppen)<br data-start="766" data-end="769" />Planeringsdag: måndag 14 juni<br data-start="798" data-end="801" />Semesterstängt: vecka 28–31</p>
<hr />
<p data-start="832" data-end="944">En gång per månad stänger förskolan klockan 16.00 för att all personal ska kunna delta i gemensam planeringstid.</p>

<p>Vårterminen 2026 Planeringsdag: onsdag 7 januariSportlov: vecka 8 (förskolan är öppen)Planeringsdag: måndag 9 marsPåsklov: vecka 15, 6–10 april (förskolan är öppen)Planeringsdag: måndag 15 juniSemesterstängt: vecka 28–31 Höstterminen 2026 Planeringsdag: torsdag 13 augustiPlaneringsdag: onsdag 23 septemberHöstlov: vecka 44, 26–30 oktober (förskolan är öppen) Vårterminen 2027 Planeringsdag: torsdag 7 januariSportlov: 22–26 februari (förskolan är öppen)Planeringsdag: måndag 8 [&hellip;]</p>

Vårterminen 2026 Planeringsdag: onsdag 7 januariSportlov: vecka 8 (förskolan är öppen)Planeringsdag: måndag 9 marsPåsklov: vecka 15, 6–10 april (förskolan är öppen)Planeringsdag: måndag 15 juniSemesterstängt: vecka 28–31 Höstterminen 2026 Planeringsdag: torsdag 13 augustiPlaneringsdag: onsdag 23 septemberHöstlov: vecka 44, 26–30 oktober (förskolan är öppen) Vårterminen 2027 Planeringsdag: torsdag 7 januariSportlov: 22–26 februari (förskolan är öppen)Planeringsdag: måndag 8&hellip;
