{"id":385,"date":"2025-11-11T12:21:28","date_gmt":"2025-11-11T11:21:28","guid":{"rendered":"https:\/\/www.europaskolan.se\/varfruberga\/?page_id=385"},"modified":"2025-11-11T12:21:28","modified_gmt":"2025-11-11T11:21:28","slug":"antagningsregler-till-europaskolan-varfruberga-och-europaskolan-varfruberga-forskola","status":"publish","type":"page","link":"https:\/\/www.europaskolan.se\/varfruberga\/antagningsregler-till-europaskolan-varfruberga-och-europaskolan-varfruberga-forskola\/","title":{"rendered":"Antagningsregler till Europaskolan V\u00e5rfruberga och Europaskolan V\u00e5rfruberga f\u00f6rskola"},"content":{"rendered":"<p data-start=\"346\" data-end=\"556\"><em>F\u00f6ljande regler f\u00f6r antagning till Europaskolan V\u00e5rfruberga och Europaskolan V\u00e5rfruberga f\u00f6rskola g\u00e4ller fr\u00e5n och med den 1 juli 2025 och till\u00e4mpas om antalet s\u00f6kande \u00f6verskrider antalet tillg\u00e4ngliga platser.<\/em><\/p>\n<hr data-start=\"558\" data-end=\"561\" \/>\n<h3 data-start=\"563\" data-end=\"589\">Anm\u00e4lan till elevk\u00f6n<\/h3>\n<p data-start=\"591\" data-end=\"803\"><strong>Endast barn som \u00e4r anm\u00e4lda till f\u00f6rskolans respektive skolans elevk\u00f6 i systemet Meitner<\/strong> (tidigare SchoolSoft) kan erbjudas plats p\u00e5 Europaskolan V\u00e5rfruberga respektive Europaskolan V\u00e5rfruberga f\u00f6rskola.<\/p>\n<p data-start=\"805\" data-end=\"975\"><strong>F\u00f6r att anm\u00e4lan ska anses giltig kr\u00e4vs att angivna personuppgifter \u00e4r korrekta.<\/strong> Kan skolan inte uppr\u00e4tta kontakt via angiven e-postadress avf\u00f6rs anm\u00e4lan ur elevk\u00f6n.<\/p>\n<hr data-start=\"977\" data-end=\"980\" \/>\n<h3 data-start=\"982\" data-end=\"1003\">Urvalskriterier<\/h3>\n<p data-start=\"1005\" data-end=\"1124\">Urval till Europaskolan V\u00e5rfruberga (\u00e5rskurs F\u20133) f\u00f6r platser som tills\u00e4tts sker i f\u00f6ljande prioriteringsordning:<\/p>\n<ol>\n<li data-start=\"1128\" data-end=\"1194\">Barn fr\u00e5n Europaskolan V\u00e5rfruberga f\u00f6rskola (till f\u00f6rskoleklass)<\/li>\n<li data-start=\"1198\" data-end=\"1213\">Syskonf\u00f6rtur*<\/li>\n<li data-start=\"1217\" data-end=\"1236\">Anm\u00e4lningsdatum**<\/li>\n<\/ol>\n<p data-start=\"1238\" data-end=\"1309\">Urval till Europaskolan V\u00e5rfruberga f\u00f6rskola sker i f\u00f6ljande ordning:<\/p>\n<ol>\n<li data-start=\"1313\" data-end=\"1328\">Syskonf\u00f6rtur*<\/li>\n<li data-start=\"1332\" data-end=\"1359\">Anm\u00e4lningsdatum (k\u00f6tid)**<\/li>\n<\/ol>\n<hr data-start=\"1361\" data-end=\"1364\" \/>\n<h3 data-start=\"1366\" data-end=\"1385\">Syskonf\u00f6rtur*<\/h3>\n<p data-start=\"1387\" data-end=\"1566\">Barn med syskon som \u00e4r elever eller barn vid Europaskolan V\u00e5rfruberga eller Europaskolan V\u00e5rfruberga f\u00f6rskola har f\u00f6rtur vid erbjudande av vakanta barn- och elevplatser.<\/p>\n<p data-start=\"1568\" data-end=\"1789\">F\u00f6rtur g\u00e4ller endast f\u00f6r barn som vid egen skolstart har syskon p\u00e5 Europaskolan V\u00e5rfruberga eller Europaskolan V\u00e5rfruberga f\u00f6rskola. Vid till\u00e4mpning av syskonf\u00f6rtur antas elever i inb\u00f6rdes ordning efter anm\u00e4lningsdatum.<\/p>\n<p data-start=\"1791\" data-end=\"1876\">Syskonf\u00f6rtur omfattar biologiska syskon samt barn folkbokf\u00f6rda p\u00e5 samma postadress.<\/p>\n<p data-start=\"1878\" data-end=\"2011\">F\u00f6r att syskonf\u00f6rtur ska till\u00e4mpas m\u00e5ste v\u00e5rdnadshavaren ange detta i ans\u00f6kan eller kontakta receptionen f\u00f6r att uppdatera ans\u00f6kan.<\/p>\n<p data-start=\"2013\" data-end=\"2242\">Om v\u00e5rdnadshavare tackar nej till erbjuden plats upph\u00f6r r\u00e4tten att f\u00f6r det barnet \u00e5beropa syskonf\u00f6rtur i framtiden. M\u00f6jligheten att kvarst\u00e5 i k\u00f6n med anm\u00e4lningsdatum satt till dagen f\u00f6r avb\u00f6jandet av erbjuden plats medges dock.<\/p>\n<hr data-start=\"2244\" data-end=\"2247\" \/>\n<h3 data-start=\"2249\" data-end=\"2272\">Anm\u00e4lningsdatum**<\/h3>\n<p data-start=\"2274\" data-end=\"2331\">Det barn som har st\u00e5tt l\u00e4ngst i k\u00f6 erbjuds plats f\u00f6rst.<\/p>\n","protected":false},"excerpt":{"rendered":"<p>F\u00f6ljande regler f\u00f6r antagning till Europaskolan V\u00e5rfruberga och Europaskolan V\u00e5rfruberga f\u00f6rskola g\u00e4ller fr\u00e5n och med den 1 juli 2025 och till\u00e4mpas om antalet s\u00f6kande \u00f6verskrider antalet tillg\u00e4ngliga platser. Anm\u00e4lan till elevk\u00f6n Endast barn som \u00e4r anm\u00e4lda till f\u00f6rskolans respektive skolans elevk\u00f6 i systemet Meitner (tidigare SchoolSoft) kan erbjudas plats p\u00e5 Europaskolan V\u00e5rfruberga respektive Europaskolan V\u00e5rfruberga [&hellip;]<\/p>\n","protected":false},"author":2,"featured_media":0,"parent":0,"menu_order":0,"comment_status":"closed","ping_status":"closed","template":"","meta":{"footnotes":""},"class_list":["post-385","page","type-page","status-publish","hentry"],"blocksy_meta":[],"rttpg_featured_image_url":null,"rttpg_author":{"display_name":"camilla","author_link":"https:\/\/www.europaskolan.se\/varfruberga\/author\/camilla\/"},"rttpg_comment":0,"rttpg_category":null,"rttpg_excerpt":"F\u00f6ljande regler f\u00f6r antagning till Europaskolan V\u00e5rfruberga och Europaskolan V\u00e5rfruberga f\u00f6rskola g\u00e4ller fr\u00e5n och med den 1 juli 2025 och till\u00e4mpas om antalet s\u00f6kande \u00f6verskrider antalet tillg\u00e4ngliga platser. Anm\u00e4lan till elevk\u00f6n Endast barn som \u00e4r anm\u00e4lda till f\u00f6rskolans respektive skolans elevk\u00f6 i systemet Meitner (tidigare SchoolSoft) kan erbjudas plats p\u00e5 Europaskolan V\u00e5rfruberga respektive Europaskolan V\u00e5rfruberga&hellip;","_links":{"self":[{"href":"https:\/\/www.europaskolan.se\/varfruberga\/wp-json\/wp\/v2\/pages\/385","targetHints":{"allow":["GET"]}}],"collection":[{"href":"https:\/\/www.europaskolan.se\/varfruberga\/wp-json\/wp\/v2\/pages"}],"about":[{"href":"https:\/\/www.europaskolan.se\/varfruberga\/wp-json\/wp\/v2\/types\/page"}],"author":[{"embeddable":true,"href":"https:\/\/www.europaskolan.se\/varfruberga\/wp-json\/wp\/v2\/users\/2"}],"replies":[{"embeddable":true,"href":"https:\/\/www.europaskolan.se\/varfruberga\/wp-json\/wp\/v2\/comments?post=385"}],"version-history":[{"count":0,"href":"https:\/\/www.europaskolan.se\/varfruberga\/wp-json\/wp\/v2\/pages\/385\/revisions"}],"wp:attachment":[{"href":"https:\/\/www.europaskolan.se\/varfruberga\/wp-json\/wp\/v2\/media?parent=385"}],"curies":[{"name":"wp","href":"https:\/\/api.w.org\/{rel}","templated":true}]}}