{"id":259,"date":"2025-09-04T16:18:55","date_gmt":"2025-09-04T14:18:55","guid":{"rendered":"https:\/\/www.europaskolan.se\/varfruberga\/?page_id=259"},"modified":"2025-11-11T14:13:23","modified_gmt":"2025-11-11T13:13:23","slug":"information-om-koanmalan-till-forskolan-och-grundskolan","status":"publish","type":"page","link":"https:\/\/www.europaskolan.se\/varfruberga\/information-om-koanmalan-till-forskolan-och-grundskolan\/","title":{"rendered":"Information om k\u00f6anm\u00e4lan till f\u00f6rskolan och grundskolan"},"content":{"rendered":"<p><img fetchpriority=\"high\" decoding=\"async\" class=\"alignnone wp-image-195 size-full\" src=\"https:\/\/www.europaskolan.se\/varfruberga\/wp-content\/uploads\/sites\/5\/2025\/06\/ESV_BILDSPEL-2025-76-1.jpg\" alt=\"\" width=\"2000\" height=\"1340\" srcset=\"https:\/\/www.europaskolan.se\/varfruberga\/wp-content\/uploads\/sites\/5\/2025\/06\/ESV_BILDSPEL-2025-76-1.jpg 2000w, https:\/\/www.europaskolan.se\/varfruberga\/wp-content\/uploads\/sites\/5\/2025\/06\/ESV_BILDSPEL-2025-76-1-300x201.jpg 300w, https:\/\/www.europaskolan.se\/varfruberga\/wp-content\/uploads\/sites\/5\/2025\/06\/ESV_BILDSPEL-2025-76-1-1024x686.jpg 1024w, https:\/\/www.europaskolan.se\/varfruberga\/wp-content\/uploads\/sites\/5\/2025\/06\/ESV_BILDSPEL-2025-76-1-768x515.jpg 768w, https:\/\/www.europaskolan.se\/varfruberga\/wp-content\/uploads\/sites\/5\/2025\/06\/ESV_BILDSPEL-2025-76-1-1536x1029.jpg 1536w, https:\/\/www.europaskolan.se\/varfruberga\/wp-content\/uploads\/sites\/5\/2025\/06\/ESV_BILDSPEL-2025-76-1-272x182.jpg 272w\" sizes=\"(max-width: 2000px) 100vw, 2000px\" \/><\/p>\n<p data-start=\"214\" data-end=\"425\"><em>Det \u00e4r m\u00e5nga som s\u00f6ker till Europaskolan V\u00e5rfruberga, b\u00e5de till f\u00f6rskolan och till grundskolan \u2013 det \u00e4r vi mycket glada f\u00f6r! Det stora intresset betyder ocks\u00e5 att det \u00e4r k\u00f6 till f\u00f6rskolans och skolans platser.<\/em><\/p>\n<h3 data-start=\"427\" data-end=\"484\">Skolans urvalskriterier vid m\u00e5nga s\u00f6kande i korthet<\/h3>\n<p data-start=\"485\" data-end=\"948\"><strong>Om det \u00e4r fler s\u00f6kande \u00e4n det finns platser p\u00e5 skolan<\/strong> tas eleverna emot enligt k\u00f6datum. Det inneb\u00e4r att barnen tas emot utifr\u00e5n vem som har st\u00e5tt l\u00e4ngst tid i k\u00f6n. Syskonf\u00f6rtur g\u00e4ller f\u00f6r barn som har ett syskon som g\u00e5r p\u00e5 f\u00f6rskole- eller skolenheten vid tilltr\u00e4det. Med syskon avses barn som lever i samma familj och \u00e4r folkbokf\u00f6rda p\u00e5 samma adress. Barn som omfattas av syskonf\u00f6rturen g\u00e5r f\u00f6re de barn som st\u00e5tt l\u00e4ngre tid i k\u00f6n men inte har syskon p\u00e5 skolan.<\/p>\n<p data-start=\"950\" data-end=\"1314\"><strong>Som v\u00e5rdnadshavare kan du st\u00e4lla ditt barn i k\u00f6 s\u00e5 tidigt du \u00f6nskar.<\/strong> M\u00e5nga g\u00f6r det redan n\u00e4r deras barn \u00e4r nyf\u00f6dda. T\u00e4nk p\u00e5 att vi ska kunna n\u00e5 dig via e-post n\u00e4r eller om vi erbjuder plats. V\u00e4ljer du en e-postadress till ditt arbete \u00e4r det du som ansvarar f\u00f6r att uppdatera informationen om du byter arbetsplats, f\u00f6r att inte riskera att f\u00f6rlora erbjuden plats.<\/p>\n<p data-start=\"1316\" data-end=\"1407\"><strong>Du kan st\u00e4lla ditt barn i k\u00f6 f\u00f6r start<\/strong> i f\u00f6rskola, f\u00f6rskoleklass och grundskolans \u00e5r 1\u20133.<\/p>\n<p data-start=\"1409\" data-end=\"1553\"><strong>Observera att du, trots flera k\u00f6alternativ,<\/strong> endast kan ans\u00f6ka till f\u00f6rskolan och till grundskolan F\u20133 via anm\u00e4lningsformul\u00e4ren p\u00e5 v\u00e5r hemsida.<\/p>\n<p data-start=\"1555\" data-end=\"1757\"><strong>Lediga platser erbjuds i m\u00e5n av plats.<\/strong> Du ansvarar sj\u00e4lv f\u00f6r att st\u00e4lla dig i r\u00e4tt k\u00f6 p\u00e5 r\u00e4tt skola.<\/p>\n<p data-start=\"1555\" data-end=\"1757\"><a href=\"https:\/\/www.europaskolan.se\/rogge\/\">Europaskolan Rogge, \u00e5rskurs 4\u20139, har en egen k\u00f6 p\u00e5 sin webbplats &gt;<\/a><\/p>\n<hr data-start=\"1759\" data-end=\"1762\" \/>\n<h3 data-start=\"1764\" data-end=\"1785\">Urvalskriterier<\/h3>\n<p data-start=\"1787\" data-end=\"1856\"><strong>Urval till Europaskolan V\u00e5rfruberga \u00e5rskurs F\u20133 sker i f\u00f6ljande ordning:<\/strong><\/p>\n<ol>\n<li data-start=\"1860\" data-end=\"1926\">Barn fr\u00e5n Europaskolan V\u00e5rfruberga f\u00f6rskola (till f\u00f6rskoleklass)<\/li>\n<li data-start=\"1860\" data-end=\"1926\">Syskonf\u00f6rtur<\/li>\n<li data-start=\"1948\" data-end=\"1973\">Anm\u00e4lningsdatum (k\u00f6tid)<\/li>\n<\/ol>\n<p data-start=\"1975\" data-end=\"2046\"><strong>Urval till Europaskolan V\u00e5rfruberga f\u00f6rskola sker i f\u00f6ljande ordning:<\/strong><\/p>\n<ol>\n<li data-start=\"2050\" data-end=\"2064\">Syskonf\u00f6rtur<\/li>\n<li data-start=\"2068\" data-end=\"2093\">Anm\u00e4lningsdatum (k\u00f6tid)<\/li>\n<\/ol>\n<hr data-start=\"2095\" data-end=\"2098\" \/>\n<p data-start=\"2100\" data-end=\"2429\"><strong>H\u00e4r hittar du ans\u00f6kningshandlingarna och antagningsreglerna<\/strong> <strong>i sin helhet<\/strong> f\u00f6r en plats p\u00e5 Europaskolan V\u00e5rfruberga och Europaskolan V\u00e5rfruberga f\u00f6rskola:<\/p>\n<p data-start=\"2100\" data-end=\"2429\"><a href=\"https:\/\/apply.meitner.se\/organizations\/a69f89ff-b39c-48e4-af7b-1c3a02dade77\/schools\/f55972f6-7e19-4388-9167-ddf6e923220f\/applications\/new\">K\u00f6anm\u00e4lan f\u00f6rskola &gt;<\/a><br data-start=\"2279\" data-end=\"2282\" \/><a href=\"https:\/\/apply.meitner.se\/organizations\/a69f89ff-b39c-48e4-af7b-1c3a02dade77\/schools\/f55972f6-7e19-4388-9167-ddf6e923220f\/applications\/new\">K\u00f6anm\u00e4lan f\u00f6rskoleklass och grundskola \u00e5r 1\u20133 &gt;<\/a><br data-start=\"2333\" data-end=\"2336\" \/><a href=\"https:\/\/www.europaskolan.se\/varfruberga\/antagningsregler-till-europaskolan-varfruberga-och-europaskolan-varfruberga-forskola\/\">Antagningsreglerna i sin helhet &gt;<\/a><\/p>\n<hr data-start=\"2431\" data-end=\"2434\" \/>\n<p data-start=\"2436\" data-end=\"2625\"><strong>Vill du veta mer? V\u00e4lkommen att kontakta oss!<\/strong><br data-start=\"2481\" data-end=\"2484\" \/>Till skolreceptionen v\u00e4nder du dig med fr\u00e5gor som r\u00f6r till exempel inloggningsuppgifter, och till rektor fr\u00e5gor om regler och best\u00e4mmelser.<\/p>\n<hr data-start=\"2627\" data-end=\"2630\" \/>\n<p data-start=\"2632\" data-end=\"2715\"><strong data-start=\"2632\" data-end=\"2645\">Reception<\/strong><br data-start=\"2645\" data-end=\"2648\" \/>Telefon: 0152-31 70 14<br data-start=\"2670\" data-end=\"2673\" \/>E-post: <a class=\"decorated-link cursor-pointer\" rel=\"noopener\" data-start=\"2681\" data-end=\"2713\">info.varfruberga@europaskolan.se<\/a><\/p>\n<p data-start=\"2717\" data-end=\"2806\"><strong data-start=\"2717\" data-end=\"2727\">Rektor<\/strong><br data-start=\"2727\" data-end=\"2730\" \/>Nina Widell<br data-start=\"2741\" data-end=\"2744\" \/>Telefon: 0152-31 70 11<br data-start=\"2766\" data-end=\"2769\" \/>E-post: <a class=\"decorated-link cursor-pointer\" rel=\"noopener\" data-start=\"2777\" data-end=\"2804\">nina.widell@europaskolan.se<\/a><\/p>\n<hr data-start=\"2808\" data-end=\"2811\" \/>\n<p data-start=\"2813\" data-end=\"2851\"><em>Varmt v\u00e4lkommen med din ans\u00f6kan!<\/em><\/p>\n","protected":false},"excerpt":{"rendered":"<p>Det \u00e4r m\u00e5nga som s\u00f6ker till Europaskolan V\u00e5rfruberga, b\u00e5de till f\u00f6rskolan och till grundskolan \u2013 det \u00e4r vi mycket glada f\u00f6r! Det stora intresset betyder ocks\u00e5 att det \u00e4r k\u00f6 till f\u00f6rskolans och skolans platser. Skolans urvalskriterier vid m\u00e5nga s\u00f6kande i korthet Om det \u00e4r fler s\u00f6kande \u00e4n det finns platser p\u00e5 skolan tas eleverna [&hellip;]<\/p>\n","protected":false},"author":2,"featured_media":0,"parent":0,"menu_order":0,"comment_status":"closed","ping_status":"closed","template":"","meta":{"footnotes":""},"class_list":["post-259","page","type-page","status-publish","hentry"],"blocksy_meta":[],"rttpg_featured_image_url":null,"rttpg_author":{"display_name":"camilla","author_link":"https:\/\/www.europaskolan.se\/varfruberga\/author\/camilla\/"},"rttpg_comment":0,"rttpg_category":null,"rttpg_excerpt":"Det \u00e4r m\u00e5nga som s\u00f6ker till Europaskolan V\u00e5rfruberga, b\u00e5de till f\u00f6rskolan och till grundskolan \u2013 det \u00e4r vi mycket glada f\u00f6r! Det stora intresset betyder ocks\u00e5 att det \u00e4r k\u00f6 till f\u00f6rskolans och skolans platser. Skolans urvalskriterier vid m\u00e5nga s\u00f6kande i korthet Om det \u00e4r fler s\u00f6kande \u00e4n det finns platser p\u00e5 skolan tas eleverna&hellip;","_links":{"self":[{"href":"https:\/\/www.europaskolan.se\/varfruberga\/wp-json\/wp\/v2\/pages\/259","targetHints":{"allow":["GET"]}}],"collection":[{"href":"https:\/\/www.europaskolan.se\/varfruberga\/wp-json\/wp\/v2\/pages"}],"about":[{"href":"https:\/\/www.europaskolan.se\/varfruberga\/wp-json\/wp\/v2\/types\/page"}],"author":[{"embeddable":true,"href":"https:\/\/www.europaskolan.se\/varfruberga\/wp-json\/wp\/v2\/users\/2"}],"replies":[{"embeddable":true,"href":"https:\/\/www.europaskolan.se\/varfruberga\/wp-json\/wp\/v2\/comments?post=259"}],"version-history":[{"count":0,"href":"https:\/\/www.europaskolan.se\/varfruberga\/wp-json\/wp\/v2\/pages\/259\/revisions"}],"wp:attachment":[{"href":"https:\/\/www.europaskolan.se\/varfruberga\/wp-json\/wp\/v2\/media?parent=259"}],"curies":[{"name":"wp","href":"https:\/\/api.w.org\/{rel}","templated":true}]}}

Information om köanmälan till förskolan och grundskolan

<p><img fetchpriority="high" decoding="async" class="alignnone wp-image-195 size-full" src="https://www.europaskolan.se/varfruberga/wp-content/uploads/sites/5/2025/06/ESV_BILDSPEL-2025-76-1.jpg" alt="" width="2000" height="1340" srcset="https://www.europaskolan.se/varfruberga/wp-content/uploads/sites/5/2025/06/ESV_BILDSPEL-2025-76-1.jpg 2000w, https://www.europaskolan.se/varfruberga/wp-content/uploads/sites/5/2025/06/ESV_BILDSPEL-2025-76-1-300x201.jpg 300w, https://www.europaskolan.se/varfruberga/wp-content/uploads/sites/5/2025/06/ESV_BILDSPEL-2025-76-1-1024x686.jpg 1024w, https://www.europaskolan.se/varfruberga/wp-content/uploads/sites/5/2025/06/ESV_BILDSPEL-2025-76-1-768x515.jpg 768w, https://www.europaskolan.se/varfruberga/wp-content/uploads/sites/5/2025/06/ESV_BILDSPEL-2025-76-1-1536x1029.jpg 1536w, https://www.europaskolan.se/varfruberga/wp-content/uploads/sites/5/2025/06/ESV_BILDSPEL-2025-76-1-272x182.jpg 272w" sizes="(max-width: 2000px) 100vw, 2000px" /></p>
<p data-start="214" data-end="425"><em>Det är många som söker till Europaskolan Vårfruberga, både till förskolan och till grundskolan – det är vi mycket glada för! Det stora intresset betyder också att det är kö till förskolans och skolans platser.</em></p>
<h3 data-start="427" data-end="484">Skolans urvalskriterier vid många sökande i korthet</h3>
<p data-start="485" data-end="948"><strong>Om det är fler sökande än det finns platser på skolan</strong> tas eleverna emot enligt ködatum. Det innebär att barnen tas emot utifrån vem som har stått längst tid i kön. Syskonförtur gäller för barn som har ett syskon som går på förskole- eller skolenheten vid tillträdet. Med syskon avses barn som lever i samma familj och är folkbokförda på samma adress. Barn som omfattas av syskonförturen går före de barn som stått längre tid i kön men inte har syskon på skolan.</p>
<p data-start="950" data-end="1314"><strong>Som vårdnadshavare kan du ställa ditt barn i kö så tidigt du önskar.</strong> Många gör det redan när deras barn är nyfödda. Tänk på att vi ska kunna nå dig via e-post när eller om vi erbjuder plats. Väljer du en e-postadress till ditt arbete är det du som ansvarar för att uppdatera informationen om du byter arbetsplats, för att inte riskera att förlora erbjuden plats.</p>
<p data-start="1316" data-end="1407"><strong>Du kan ställa ditt barn i kö för start</strong> i förskola, förskoleklass och grundskolans år 1–3.</p>
<p data-start="1409" data-end="1553"><strong>Observera att du, trots flera köalternativ,</strong> endast kan ansöka till förskolan och till grundskolan F–3 via anmälningsformulären på vår hemsida.</p>
<p data-start="1555" data-end="1757"><strong>Lediga platser erbjuds i mån av plats.</strong> Du ansvarar själv för att ställa dig i rätt kö på rätt skola.</p>
<p data-start="1555" data-end="1757"><a href="https://www.europaskolan.se/rogge/">Europaskolan Rogge, årskurs 4–9, har en egen kö på sin webbplats &gt;</a></p>
<hr data-start="1759" data-end="1762" />
<h3 data-start="1764" data-end="1785">Urvalskriterier</h3>
<p data-start="1787" data-end="1856"><strong>Urval till Europaskolan Vårfruberga årskurs F–3 sker i följande ordning:</strong></p>
<ol>
<li data-start="1860" data-end="1926">Barn från Europaskolan Vårfruberga förskola (till förskoleklass)</li>
<li data-start="1860" data-end="1926">Syskonförtur</li>
<li data-start="1948" data-end="1973">Anmälningsdatum (kötid)</li>
</ol>
<p data-start="1975" data-end="2046"><strong>Urval till Europaskolan Vårfruberga förskola sker i följande ordning:</strong></p>
<ol>
<li data-start="2050" data-end="2064">Syskonförtur</li>
<li data-start="2068" data-end="2093">Anmälningsdatum (kötid)</li>
</ol>
<hr data-start="2095" data-end="2098" />
<p data-start="2100" data-end="2429"><strong>Här hittar du ansökningshandlingarna och antagningsreglerna</strong> <strong>i sin helhet</strong> för en plats på Europaskolan Vårfruberga och Europaskolan Vårfruberga förskola:</p>
<p data-start="2100" data-end="2429"><a href="https://apply.meitner.se/organizations/a69f89ff-b39c-48e4-af7b-1c3a02dade77/schools/f55972f6-7e19-4388-9167-ddf6e923220f/applications/new">Köanmälan förskola &gt;</a><br data-start="2279" data-end="2282" /><a href="https://apply.meitner.se/organizations/a69f89ff-b39c-48e4-af7b-1c3a02dade77/schools/f55972f6-7e19-4388-9167-ddf6e923220f/applications/new">Köanmälan förskoleklass och grundskola år 1–3 &gt;</a><br data-start="2333" data-end="2336" /><a href="https://www.europaskolan.se/varfruberga/antagningsregler-till-europaskolan-varfruberga-och-europaskolan-varfruberga-forskola/">Antagningsreglerna i sin helhet &gt;</a></p>
<hr data-start="2431" data-end="2434" />
<p data-start="2436" data-end="2625"><strong>Vill du veta mer? Välkommen att kontakta oss!</strong><br data-start="2481" data-end="2484" />Till skolreceptionen vänder du dig med frågor som rör till exempel inloggningsuppgifter, och till rektor frågor om regler och bestämmelser.</p>
<hr data-start="2627" data-end="2630" />
<p data-start="2632" data-end="2715"><strong data-start="2632" data-end="2645">Reception</strong><br data-start="2645" data-end="2648" />Telefon: 0152-31 70 14<br data-start="2670" data-end="2673" />E-post: <a class="decorated-link cursor-pointer" rel="noopener" data-start="2681" data-end="2713">info.varfruberga@europaskolan.se</a></p>
<p data-start="2717" data-end="2806"><strong data-start="2717" data-end="2727">Rektor</strong><br data-start="2727" data-end="2730" />Nina Widell<br data-start="2741" data-end="2744" />Telefon: 0152-31 70 11<br data-start="2766" data-end="2769" />E-post: <a class="decorated-link cursor-pointer" rel="noopener" data-start="2777" data-end="2804">nina.widell@europaskolan.se</a></p>
<hr data-start="2808" data-end="2811" />
<p data-start="2813" data-end="2851"><em>Varmt välkommen med din ansökan!</em></p>

<p>Det är många som söker till Europaskolan Vårfruberga, både till förskolan och till grundskolan – det är vi mycket glada för! Det stora intresset betyder också att det är kö till förskolans och skolans platser. Skolans urvalskriterier vid många sökande i korthet Om det är fler sökande än det finns platser på skolan tas eleverna [&hellip;]</p>

Det är många som söker till Europaskolan Vårfruberga, både till förskolan och till grundskolan – det är vi mycket glada för! Det stora intresset betyder också att det är kö till förskolans och skolans platser. Skolans urvalskriterier vid många sökande i korthet Om det är fler sökande än det finns platser på skolan tas eleverna&hellip;
