{"id":208,"date":"2025-06-23T14:06:00","date_gmt":"2025-06-23T12:06:00","guid":{"rendered":"https:\/\/www.europaskolan.se\/varfruberga\/?page_id=208"},"modified":"2025-06-23T14:06:21","modified_gmt":"2025-06-23T12:06:21","slug":"europaskolan-varfrubergas-styrelse","status":"publish","type":"page","link":"https:\/\/www.europaskolan.se\/varfruberga\/europaskolan-varfrubergas-styrelse\/","title":{"rendered":"Europaskolan V\u00e5rfrubergas styrelse"},"content":{"rendered":"<h3>Styrelseordf\u00f6rande:<\/h3>\n<p>Peter Jedar<br \/>\n<em>Str\u00e4ngn\u00e4s<\/em><\/p>\n<h3>Vice ordf\u00f6rande:<strong><br \/>\n<\/strong><\/h3>\n<p>Anders Vikdahl<br \/>\n<em>Str\u00e4ngn\u00e4s<\/em><\/p>\n<hr \/>\n<h3>Ledam\u00f6ter:<\/h3>\n<p>Birgitta Gillberg<br \/>\n<em>Str\u00e4ngn\u00e4s<\/em><\/p>\n<p>Henrik Gustafsson<br \/>\n<em>Str\u00e4ngn\u00e4s<\/em><\/p>\n<p>Anders Hallstr\u00f6m<br \/>\n<em>Str\u00e4ngn\u00e4s<\/em><\/p>\n<p>Ola Larsson<br \/>\n<em>Str\u00e4ngn\u00e4s<\/em><\/p>\n<p>Ann Vikstr\u00f6m<br \/>\n<em>Str\u00e4ngn\u00e4s<\/em><\/p>\n<p>Robert Berg (personalrepresentant)<br \/>\n<em>Str\u00e4ngn\u00e4s<\/em><\/p>\n","protected":false},"excerpt":{"rendered":"<p>Styrelseordf\u00f6rande: Peter Jedar Str\u00e4ngn\u00e4s Vice ordf\u00f6rande: Anders Vikdahl Str\u00e4ngn\u00e4s Ledam\u00f6ter: Birgitta Gillberg Str\u00e4ngn\u00e4s Henrik Gustafsson Str\u00e4ngn\u00e4s Anders Hallstr\u00f6m Str\u00e4ngn\u00e4s Ola Larsson Str\u00e4ngn\u00e4s Ann Vikstr\u00f6m Str\u00e4ngn\u00e4s Robert Berg (personalrepresentant) Str\u00e4ngn\u00e4s<\/p>\n","protected":false},"author":2,"featured_media":0,"parent":0,"menu_order":0,"comment_status":"closed","ping_status":"closed","template":"","meta":{"footnotes":""},"class_list":["post-208","page","type-page","status-publish","hentry"],"blocksy_meta":[],"rttpg_featured_image_url":null,"rttpg_author":{"display_name":"camilla","author_link":"https:\/\/www.europaskolan.se\/varfruberga\/author\/camilla\/"},"rttpg_comment":0,"rttpg_category":null,"rttpg_excerpt":"Styrelseordf\u00f6rande: Peter Jedar Str\u00e4ngn\u00e4s Vice ordf\u00f6rande: Anders Vikdahl Str\u00e4ngn\u00e4s Ledam\u00f6ter: Birgitta Gillberg Str\u00e4ngn\u00e4s Henrik Gustafsson Str\u00e4ngn\u00e4s Anders Hallstr\u00f6m Str\u00e4ngn\u00e4s Ola Larsson Str\u00e4ngn\u00e4s Ann Vikstr\u00f6m Str\u00e4ngn\u00e4s Robert Berg (personalrepresentant) Str\u00e4ngn\u00e4s","_links":{"self":[{"href":"https:\/\/www.europaskolan.se\/varfruberga\/wp-json\/wp\/v2\/pages\/208","targetHints":{"allow":["GET"]}}],"collection":[{"href":"https:\/\/www.europaskolan.se\/varfruberga\/wp-json\/wp\/v2\/pages"}],"about":[{"href":"https:\/\/www.europaskolan.se\/varfruberga\/wp-json\/wp\/v2\/types\/page"}],"author":[{"embeddable":true,"href":"https:\/\/www.europaskolan.se\/varfruberga\/wp-json\/wp\/v2\/users\/2"}],"replies":[{"embeddable":true,"href":"https:\/\/www.europaskolan.se\/varfruberga\/wp-json\/wp\/v2\/comments?post=208"}],"version-history":[{"count":0,"href":"https:\/\/www.europaskolan.se\/varfruberga\/wp-json\/wp\/v2\/pages\/208\/revisions"}],"wp:attachment":[{"href":"https:\/\/www.europaskolan.se\/varfruberga\/wp-json\/wp\/v2\/media?parent=208"}],"curies":[{"name":"wp","href":"https:\/\/api.w.org\/{rel}","templated":true}]}}

Europaskolan Vårfrubergas styrelse

<h3>Styrelseordförande:</h3>
<p>Peter Jedar<br />
<em>Strängnäs</em></p>
<h3>Vice ordförande:<strong><br />
</strong></h3>
<p>Anders Vikdahl<br />
<em>Strängnäs</em></p>
<hr />
<h3>Ledamöter:</h3>
<p>Birgitta Gillberg<br />
<em>Strängnäs</em></p>
<p>Henrik Gustafsson<br />
<em>Strängnäs</em></p>
<p>Anders Hallström<br />
<em>Strängnäs</em></p>
<p>Ola Larsson<br />
<em>Strängnäs</em></p>
<p>Ann Vikström<br />
<em>Strängnäs</em></p>
<p>Robert Berg (personalrepresentant)<br />
<em>Strängnäs</em></p>

<p>Styrelseordförande: Peter Jedar Strängnäs Vice ordförande: Anders Vikdahl Strängnäs Ledamöter: Birgitta Gillberg Strängnäs Henrik Gustafsson Strängnäs Anders Hallström Strängnäs Ola Larsson Strängnäs Ann Vikström Strängnäs Robert Berg (personalrepresentant) Strängnäs</p>

Styrelseordförande: Peter Jedar Strängnäs Vice ordförande: Anders Vikdahl Strängnäs Ledamöter: Birgitta Gillberg Strängnäs Henrik Gustafsson Strängnäs Anders Hallström Strängnäs Ola Larsson Strängnäs Ann Vikström Strängnäs Robert Berg (personalrepresentant) Strängnäs
