{"id":15329,"date":"2024-09-11T14:08:01","date_gmt":"2024-09-11T12:08:01","guid":{"rendered":"https:\/\/www.europaskolan.se\/strangnas\/?page_id=15329"},"modified":"2025-10-03T11:34:27","modified_gmt":"2025-10-03T09:34:27","slug":"prova-pa-dag","status":"publish","type":"page","link":"https:\/\/www.europaskolan.se\/strangnas\/prova-pa-dag\/","title":{"rendered":"Prova p\u00e5 dag"},"content":{"rendered":"\t\t<div data-elementor-type=\"wp-page\" data-elementor-id=\"15329\" class=\"elementor elementor-15329\" data-elementor-post-type=\"page\">\n\t\t\t\t\t\t<section class=\"elementor-section elementor-top-section elementor-element elementor-element-16942a8 elementor-section-boxed elementor-section-height-default elementor-section-height-default\" data-id=\"16942a8\" data-element_type=\"section\" data-e-type=\"section\" data-settings=\"{&quot;shape_divider_top&quot;:&quot;curve&quot;}\">\n\t\t\t\t\t<div class=\"elementor-shape elementor-shape-top\" aria-hidden=\"true\" data-negative=\"false\">\n\t\t\t<svg xmlns=\"http:\/\/www.w3.org\/2000\/svg\" viewBox=\"0 0 1000 100\" preserveAspectRatio=\"none\">\n    <path class=\"elementor-shape-fill\" d=\"M1000,4.3V0H0v4.3C0.9,23.1,126.7,99.2,500,100S1000,22.7,1000,4.3z\"\/>\n<\/svg>\t\t<\/div>\n\t\t\t\t\t<div class=\"elementor-container elementor-column-gap-default\">\n\t\t\t\t\t<div class=\"elementor-column elementor-col-50 elementor-top-column elementor-element elementor-element-fc2affd\" data-id=\"fc2affd\" data-element_type=\"column\" data-e-type=\"column\" data-settings=\"{&quot;background_background&quot;:&quot;classic&quot;}\">\n\t\t\t<div class=\"elementor-widget-wrap elementor-element-populated\">\n\t\t\t\t\t\t<div class=\"elementor-element elementor-element-b6f8f78 elementor-widget elementor-widget-text-editor\" data-id=\"b6f8f78\" data-element_type=\"widget\" data-e-type=\"widget\" data-widget_type=\"text-editor.default\">\n\t\t\t\t<div class=\"elementor-widget-container\">\n\t\t\t\t\t\t\t\t\t<p><span style=\"font-size: 28pt;\"><span style=\"color: var(--theme-heading-color, var(--theme-heading-1-color, var(--theme-headings-color))); font-family: var(--theme-font-family); font-style: var(--theme-font-style, inherit); font-variant-ligatures: inherit; font-variant-caps: inherit; letter-spacing: var(--theme-letter-spacing); text-transform: var(--theme-text-transform); background-color: var( --e-global-color-05432db );\"><span style=\"color: #004c99;\">Elev f\u00f6r en dag <\/span>p\u00e5 Europaskolan Str\u00e4ngn\u00e4s<\/span><\/span><\/p>\t\t\t\t\t\t\t\t<\/div>\n\t\t\t\t<\/div>\n\t\t\t\t<div class=\"elementor-element elementor-element-64495f2 elementor-widget elementor-widget-text-editor\" data-id=\"64495f2\" data-element_type=\"widget\" data-e-type=\"widget\" data-widget_type=\"text-editor.default\">\n\t\t\t\t<div class=\"elementor-widget-container\">\n\t\t\t\t\t\t\t\t\t<p><strong>F\u00f6r dig som g\u00e5r i \u00e5rskurs nio<\/strong> \u00e4r detta ett perfekt tillf\u00e4lle att k\u00e4nna av st\u00e4mningen p\u00e5 skolan, samtidigt som du tr\u00e4ffar b\u00e5de l\u00e4rare och elever. Du f\u00e5r ocks\u00e5 bekanta dig med skolans omr\u00e5de \u2013 v\u00e5rt stadscampus, som ligger vid M\u00e4laren i Str\u00e4ngn\u00e4s historiska stadsk\u00e4rna.<\/p><p><strong>Boka in dig via formul\u00e4ret<\/strong> f\u00f6r att bes\u00f6ka oss en vanlig skoldag \u2013 det b\u00e4sta s\u00e4ttet f\u00f6r att g\u00f6ra ett v\u00e4lgrundat skolval.<\/p>\t\t\t\t\t\t\t\t<\/div>\n\t\t\t\t<\/div>\n\t\t\t\t<div class=\"elementor-element elementor-element-3a7f97c0 animated-slow elementor-widget elementor-widget-image\" data-id=\"3a7f97c0\" data-element_type=\"widget\" data-e-type=\"widget\" data-settings=\"{&quot;_animation&quot;:&quot;none&quot;,&quot;_animation_delay&quot;:800}\" data-widget_type=\"image.default\">\n\t\t\t\t<div class=\"elementor-widget-container\">\n\t\t\t\t\t\t\t\t\t\t\t\t\t\t\t<img fetchpriority=\"high\" decoding=\"async\" width=\"1500\" height=\"1171\" src=\"https:\/\/www.europaskolan.se\/strangnas\/wp-content\/uploads\/sites\/2\/2024\/08\/ESS_skolstart-2024-32.jpg\" class=\"attachment-full size-full wp-image-15216\" alt=\"\" srcset=\"https:\/\/www.europaskolan.se\/strangnas\/wp-content\/uploads\/sites\/2\/2024\/08\/ESS_skolstart-2024-32.jpg 1500w, https:\/\/www.europaskolan.se\/strangnas\/wp-content\/uploads\/sites\/2\/2024\/08\/ESS_skolstart-2024-32-384x300.jpg 384w, https:\/\/www.europaskolan.se\/strangnas\/wp-content\/uploads\/sites\/2\/2024\/08\/ESS_skolstart-2024-32-1024x799.jpg 1024w, https:\/\/www.europaskolan.se\/strangnas\/wp-content\/uploads\/sites\/2\/2024\/08\/ESS_skolstart-2024-32-192x150.jpg 192w, https:\/\/www.europaskolan.se\/strangnas\/wp-content\/uploads\/sites\/2\/2024\/08\/ESS_skolstart-2024-32-768x600.jpg 768w\" sizes=\"(max-width: 1500px) 100vw, 1500px\" \/>\t\t\t\t\t\t\t\t\t\t\t\t\t\t\t<\/div>\n\t\t\t\t<\/div>\n\t\t\t\t\t<\/div>\n\t\t<\/div>\n\t\t\t\t<div class=\"elementor-column elementor-col-50 elementor-top-column elementor-element elementor-element-ad4b059\" data-id=\"ad4b059\" data-element_type=\"column\" data-e-type=\"column\" data-settings=\"{&quot;background_background&quot;:&quot;classic&quot;}\">\n\t\t\t<div class=\"elementor-widget-wrap elementor-element-populated\">\n\t\t\t\t\t<div class=\"elementor-background-overlay\"><\/div>\n\t\t\t\t\t\t<div class=\"elementor-element elementor-element-d47bc85 elementor-widget elementor-widget-text-editor\" data-id=\"d47bc85\" data-element_type=\"widget\" data-e-type=\"widget\" data-widget_type=\"text-editor.default\">\n\t\t\t\t<div class=\"elementor-widget-container\">\n\t\t\t\t\t\t\t\t\t<h3><span style=\"color: #77afe7;\">Kul att du vill bes\u00f6ka oss!<\/span><\/h3><p>Fyll i formul\u00e4ret s\u00e5 kommer vi att h\u00f6ra av oss med f\u00f6rslag p\u00e5 l\u00e4mplig dag.<\/p>\t\t\t\t\t\t\t\t<\/div>\n\t\t\t\t<\/div>\n\t\t\t\t<div class=\"elementor-element elementor-element-a1d1481 elementor-widget__width-initial elementor-button-align-stretch elementor-widget elementor-widget-form\" data-id=\"a1d1481\" data-element_type=\"widget\" data-e-type=\"widget\" data-settings=\"{&quot;button_width&quot;:&quot;30&quot;,&quot;step_next_label&quot;:&quot;N\\u00e4sta&quot;,&quot;step_previous_label&quot;:&quot;F\\u00f6reg\\u00e5ende&quot;,&quot;step_type&quot;:&quot;number_text&quot;,&quot;step_icon_shape&quot;:&quot;circle&quot;}\" data-widget_type=\"form.default\">\n\t\t\t\t<div class=\"elementor-widget-container\">\n\t\t\t\t\t\t\t<form class=\"elementor-form\" method=\"post\" name=\"Elev f\u00f6r en dag p\u00e5 ESS\" aria-label=\"Elev f\u00f6r en dag p\u00e5 ESS\" novalidate=\"\">\n\t\t\t<input type=\"hidden\" name=\"post_id\" value=\"15329\"\/>\n\t\t\t<input type=\"hidden\" name=\"form_id\" value=\"a1d1481\"\/>\n\t\t\t<input type=\"hidden\" name=\"referer_title\" value=\"Prova p\u00e5 dag\" \/>\n\n\t\t\t\t\t\t\t<input type=\"hidden\" name=\"queried_id\" value=\"15329\"\/>\n\t\t\t\n\t\t\t<div class=\"elementor-form-fields-wrapper elementor-labels-above\">\n\t\t\t\t\t\t\t\t<div class=\"elementor-field-type-text elementor-field-group elementor-column elementor-field-group-name elementor-col-100 elementor-field-required elementor-mark-required\">\n\t\t\t\t\t\t\t\t\t\t\t\t<label for=\"form-field-name\" class=\"elementor-field-label\">\n\t\t\t\t\t\t\t\tF\u00f6rnamn\t\t\t\t\t\t\t<\/label>\n\t\t\t\t\t\t\t\t\t\t\t\t\t\t<input size=\"1\" type=\"text\" name=\"form_fields[name]\" id=\"form-field-name\" class=\"elementor-field elementor-size-sm  elementor-field-textual\" required=\"required\">\n\t\t\t\t\t\t\t\t\t\t\t<\/div>\n\t\t\t\t\t\t\t\t<div class=\"elementor-field-type-text elementor-field-group elementor-column elementor-field-group-field_e4df7df elementor-col-100 elementor-field-required elementor-mark-required\">\n\t\t\t\t\t\t\t\t\t\t\t\t<label for=\"form-field-field_e4df7df\" class=\"elementor-field-label\">\n\t\t\t\t\t\t\t\tEfternamn\t\t\t\t\t\t\t<\/label>\n\t\t\t\t\t\t\t\t\t\t\t\t\t\t<input size=\"1\" type=\"text\" name=\"form_fields[field_e4df7df]\" id=\"form-field-field_e4df7df\" class=\"elementor-field elementor-size-sm  elementor-field-textual\" required=\"required\">\n\t\t\t\t\t\t\t\t\t\t\t<\/div>\n\t\t\t\t\t\t\t\t<div class=\"elementor-field-type-email elementor-field-group elementor-column elementor-field-group-email elementor-col-100 elementor-field-required elementor-mark-required\">\n\t\t\t\t\t\t\t\t\t\t\t\t<label for=\"form-field-email\" class=\"elementor-field-label\">\n\t\t\t\t\t\t\t\tE-post\t\t\t\t\t\t\t<\/label>\n\t\t\t\t\t\t\t\t\t\t\t\t\t\t<input size=\"1\" type=\"email\" name=\"form_fields[email]\" id=\"form-field-email\" class=\"elementor-field elementor-size-sm  elementor-field-textual\" required=\"required\">\n\t\t\t\t\t\t\t\t\t\t\t<\/div>\n\t\t\t\t\t\t\t\t<div class=\"elementor-field-type-tel elementor-field-group elementor-column elementor-field-group-field_717371c elementor-col-100 elementor-field-required elementor-mark-required\">\n\t\t\t\t\t\t\t\t\t\t\t\t<label for=\"form-field-field_717371c\" class=\"elementor-field-label\">\n\t\t\t\t\t\t\t\tMobilnummer\t\t\t\t\t\t\t<\/label>\n\t\t\t\t\t\t\t\t<input size=\"1\" type=\"tel\" name=\"form_fields[field_717371c]\" id=\"form-field-field_717371c\" class=\"elementor-field elementor-size-sm  elementor-field-textual\" required=\"required\" pattern=\"[0-9()#&amp;+*-=.]+\" title=\"Endast siffror och telefontecken (#, -, *, etc) accepteras.\">\n\n\t\t\t\t\t\t<\/div>\n\t\t\t\t\t\t\t\t<div class=\"elementor-field-type-text elementor-field-group elementor-column elementor-field-group-field_23ef192 elementor-col-100 elementor-field-required elementor-mark-required\">\n\t\t\t\t\t\t\t\t\t\t\t\t<label for=\"form-field-field_23ef192\" class=\"elementor-field-label\">\n\t\t\t\t\t\t\t\tNuvarande grundskola\t\t\t\t\t\t\t<\/label>\n\t\t\t\t\t\t\t\t\t\t\t\t\t\t<input size=\"1\" type=\"text\" name=\"form_fields[field_23ef192]\" id=\"form-field-field_23ef192\" class=\"elementor-field elementor-size-sm  elementor-field-textual\" required=\"required\">\n\t\t\t\t\t\t\t\t\t\t\t<\/div>\n\t\t\t\t\t\t\t\t<div class=\"elementor-field-type-radio elementor-field-group elementor-column elementor-field-group-field_f60587c elementor-col-100 elementor-field-required elementor-mark-required\">\n\t\t\t\t\t\t\t\t\t\t\t\t<label for=\"form-field-field_f60587c\" class=\"elementor-field-label\">\n\t\t\t\t\t\t\t\tV\u00e4lj vilket program du vill bes\u00f6ka\t\t\t\t\t\t\t<\/label>\n\t\t\t\t\t\t<div class=\"elementor-field-subgroup  \"><span class=\"elementor-field-option\"><input type=\"radio\" value=\"Samh\u00e4llsvetenskapsprogrammet \u2013 inriktning samh\u00e4llsvetenskap\" id=\"form-field-field_f60587c-0\" name=\"form_fields[field_f60587c]\" required=\"required\"> <label for=\"form-field-field_f60587c-0\">Samh\u00e4llsvetenskapsprogrammet \u2013 inriktning samh\u00e4llsvetenskap<\/label><\/span><span class=\"elementor-field-option\"><input type=\"radio\" value=\"Samh\u00e4llsvetenskapsprogrammet \u2013 inriktning beteendevetenskap\" id=\"form-field-field_f60587c-1\" name=\"form_fields[field_f60587c]\" required=\"required\"> <label for=\"form-field-field_f60587c-1\">Samh\u00e4llsvetenskapsprogrammet \u2013 inriktning beteendevetenskap<\/label><\/span><span class=\"elementor-field-option\"><input type=\"radio\" value=\"Humanistiska programmet\" id=\"form-field-field_f60587c-2\" name=\"form_fields[field_f60587c]\" required=\"required\"> <label for=\"form-field-field_f60587c-2\">Humanistiska programmet<\/label><\/span><span class=\"elementor-field-option\"><input type=\"radio\" value=\"Ekonomiprogrammet\" id=\"form-field-field_f60587c-3\" name=\"form_fields[field_f60587c]\" required=\"required\"> <label for=\"form-field-field_f60587c-3\">Ekonomiprogrammet<\/label><\/span><span class=\"elementor-field-option\"><input type=\"radio\" value=\"Naturvetenskapsprogrammet\" id=\"form-field-field_f60587c-4\" name=\"form_fields[field_f60587c]\" required=\"required\"> <label for=\"form-field-field_f60587c-4\">Naturvetenskapsprogrammet<\/label><\/span><span class=\"elementor-field-option\"><input type=\"radio\" value=\"Scienceprogrammet \u2013 spetsutbildning\" id=\"form-field-field_f60587c-5\" name=\"form_fields[field_f60587c]\" required=\"required\"> <label for=\"form-field-field_f60587c-5\">Scienceprogrammet \u2013 spetsutbildning<\/label><\/span><span class=\"elementor-field-option\"><input type=\"radio\" value=\"Modern Humanities \u2013 spetsutbildning\" id=\"form-field-field_f60587c-6\" name=\"form_fields[field_f60587c]\" required=\"required\"> <label for=\"form-field-field_f60587c-6\">Modern Humanities \u2013 spetsutbildning<\/label><\/span><\/div>\t\t\t\t<\/div>\n\t\t\t\t\t\t\t\t<div class=\"elementor-field-type-textarea elementor-field-group elementor-column elementor-field-group-field_35e8c5a elementor-col-100\">\n\t\t\t\t\t\t\t\t\t\t\t\t<label for=\"form-field-field_35e8c5a\" class=\"elementor-field-label\">\n\t\t\t\t\t\t\t\t\u00d6nskem\u00e5l\t\t\t\t\t\t\t<\/label>\n\t\t\t\t\t\t<textarea class=\"elementor-field-textual elementor-field  elementor-size-sm\" name=\"form_fields[field_35e8c5a]\" id=\"form-field-field_35e8c5a\" rows=\"2\" placeholder=\"Har du s\u00e4rskilda \u00f6nskem\u00e5l om dag eller om du till exempel vill g\u00f6ra bes\u00f6ket tillsammans med en kompis skriv det h\u00e4r:\"><\/textarea>\t\t\t\t<\/div>\n\t\t\t\t\t\t\t\t<div class=\"elementor-field-type-acceptance elementor-field-group elementor-column elementor-field-group-field_766513d elementor-col-100 elementor-field-required elementor-mark-required\">\n\t\t\t\t\t\t\t\t\t\t\t\t<label for=\"form-field-field_766513d\" class=\"elementor-field-label\">\n\t\t\t\t\t\t\t\tSamtycke\t\t\t\t\t\t\t<\/label>\n\t\t\t\t\t\t\t\t<div class=\"elementor-field-subgroup\">\n\t\t\t<span class=\"elementor-field-option\">\n\t\t\t\t<input type=\"checkbox\" name=\"form_fields[field_766513d]\" id=\"form-field-field_766513d\" class=\"elementor-field elementor-size-sm  elementor-acceptance-field\" required=\"required\">\n\t\t\t\t<label for=\"form-field-field_766513d\">Jag samtycker (jag har fyllt 16 \u00e5r) eller har min v\u00e5rdnadshavares samtycke (jag har inte fyllt 16 \u00e5r) till att l\u00e4mna mina kontaktuppgifter h\u00e4r<\/label>\t\t\t<\/span>\n\t\t<\/div>\n\t\t\t\t\t\t<\/div>\n\t\t\t\t\t\t\t\t<div class=\"elementor-field-type-recaptcha_v3 elementor-field-group elementor-column elementor-field-group-field_2decf7b elementor-col-100 recaptcha_v3-bottomright\">\n\t\t\t\t\t<div class=\"elementor-field\" id=\"form-field-field_2decf7b\"><div class=\"elementor-g-recaptcha\" data-sitekey=\"6LezHEIqAAAAAGPvWdvZ6iTIKQhVPEo06TTuf4ps\" data-type=\"v3\" data-action=\"Form\" data-badge=\"bottomright\" data-size=\"invisible\"><\/div><\/div>\t\t\t\t<\/div>\n\t\t\t\t\t\t\t\t<div class=\"elementor-field-type-text\">\n\t\t\t\t\t<input size=\"1\" type=\"text\" name=\"form_fields[field_3b279bd]\" id=\"form-field-field_3b279bd\" class=\"elementor-field elementor-size-sm \" style=\"display:none !important;\">\t\t\t\t<\/div>\n\t\t\t\t\t\t\t\t<div class=\"elementor-field-group elementor-column elementor-field-type-submit elementor-col-30 e-form__buttons\">\n\t\t\t\t\t<button class=\"elementor-button elementor-size-sm\" type=\"submit\">\n\t\t\t\t\t\t<span class=\"elementor-button-content-wrapper\">\n\t\t\t\t\t\t\t\t\t\t\t\t\t\t\t<span class=\"elementor-button-icon\">\n\t\t\t\t\t\t\t\t\t<i aria-hidden=\"true\" class=\"fas fa-arrow-right\"><\/i>\t\t\t\t\t\t\t\t\t\t\t\t\t\t\t\t\t<\/span>\n\t\t\t\t\t\t\t\t\t\t\t\t\t\t\t\t\t\t\t\t\t\t<span class=\"elementor-button-text\">Skicka<\/span>\n\t\t\t\t\t\t\t\t\t\t\t\t\t<\/span>\n\t\t\t\t\t<\/button>\n\t\t\t\t<\/div>\n\t\t\t<\/div>\n\t\t<\/form>\n\t\t\t\t\t\t<\/div>\n\t\t\t\t<\/div>\n\t\t\t\t\t<\/div>\n\t\t<\/div>\n\t\t\t\t\t<\/div>\n\t\t<\/section>\n\t\t\t\t<section class=\"elementor-section elementor-top-section elementor-element elementor-element-8ed9fed elementor-section-boxed elementor-section-height-default elementor-section-height-default\" data-id=\"8ed9fed\" data-element_type=\"section\" data-e-type=\"section\">\n\t\t\t\t\t\t<div class=\"elementor-container elementor-column-gap-default\">\n\t\t\t\t\t<div class=\"elementor-column elementor-col-100 elementor-top-column elementor-element elementor-element-de54740\" data-id=\"de54740\" data-element_type=\"column\" data-e-type=\"column\">\n\t\t\t<div class=\"elementor-widget-wrap elementor-element-populated\">\n\t\t\t\t\t\t<div class=\"elementor-element elementor-element-4bfd305 elementor-widget elementor-widget-spacer\" data-id=\"4bfd305\" data-element_type=\"widget\" data-e-type=\"widget\" data-widget_type=\"spacer.default\">\n\t\t\t\t<div class=\"elementor-widget-container\">\n\t\t\t\t\t\t\t<div class=\"elementor-spacer\">\n\t\t\t<div class=\"elementor-spacer-inner\"><\/div>\n\t\t<\/div>\n\t\t\t\t\t\t<\/div>\n\t\t\t\t<\/div>\n\t\t\t\t\t<\/div>\n\t\t<\/div>\n\t\t\t\t\t<\/div>\n\t\t<\/section>\n\t\t\t\t<\/div>\n\t\t","protected":false},"excerpt":{"rendered":"<p>Elev f\u00f6r en dag p\u00e5 Europaskolan Str\u00e4ngn\u00e4s F\u00f6r dig som g\u00e5r i \u00e5rskurs nio \u00e4r detta ett perfekt tillf\u00e4lle att k\u00e4nna av st\u00e4mningen p\u00e5 skolan, samtidigt som du tr\u00e4ffar b\u00e5de l\u00e4rare och elever. Du f\u00e5r ocks\u00e5 bekanta dig med skolans omr\u00e5de \u2013 v\u00e5rt stadscampus, som ligger vid M\u00e4laren i Str\u00e4ngn\u00e4s historiska stadsk\u00e4rna. Boka in dig [&hellip;]<\/p>\n","protected":false},"author":2,"featured_media":0,"parent":0,"menu_order":0,"comment_status":"closed","ping_status":"closed","template":"elementor_header_footer","meta":{"footnotes":""},"class_list":["post-15329","page","type-page","status-publish","hentry"],"blocksy_meta":[],"rttpg_featured_image_url":null,"rttpg_author":{"display_name":"camilla","author_link":"https:\/\/www.europaskolan.se\/strangnas\/author\/camilla\/"},"rttpg_comment":0,"rttpg_category":null,"rttpg_excerpt":"Elev f\u00f6r en dag p\u00e5 Europaskolan Str\u00e4ngn\u00e4s F\u00f6r dig som g\u00e5r i \u00e5rskurs nio \u00e4r detta ett perfekt tillf\u00e4lle att k\u00e4nna av st\u00e4mningen p\u00e5 skolan, samtidigt som du tr\u00e4ffar b\u00e5de l\u00e4rare och elever. Du f\u00e5r ocks\u00e5 bekanta dig med skolans omr\u00e5de \u2013 v\u00e5rt stadscampus, som ligger vid M\u00e4laren i Str\u00e4ngn\u00e4s historiska stadsk\u00e4rna. Boka in dig&hellip;","_links":{"self":[{"href":"https:\/\/www.europaskolan.se\/strangnas\/wp-json\/wp\/v2\/pages\/15329","targetHints":{"allow":["GET"]}}],"collection":[{"href":"https:\/\/www.europaskolan.se\/strangnas\/wp-json\/wp\/v2\/pages"}],"about":[{"href":"https:\/\/www.europaskolan.se\/strangnas\/wp-json\/wp\/v2\/types\/page"}],"author":[{"embeddable":true,"href":"https:\/\/www.europaskolan.se\/strangnas\/wp-json\/wp\/v2\/users\/2"}],"replies":[{"embeddable":true,"href":"https:\/\/www.europaskolan.se\/strangnas\/wp-json\/wp\/v2\/comments?post=15329"}],"version-history":[{"count":0,"href":"https:\/\/www.europaskolan.se\/strangnas\/wp-json\/wp\/v2\/pages\/15329\/revisions"}],"wp:attachment":[{"href":"https:\/\/www.europaskolan.se\/strangnas\/wp-json\/wp\/v2\/media?parent=15329"}],"curies":[{"name":"wp","href":"https:\/\/api.w.org\/{rel}","templated":true}]}}