{"id":153,"date":"2021-12-15T18:03:07","date_gmt":"2021-12-15T17:03:07","guid":{"rendered":"https:\/\/www.europaskolan.se\/wordpress\/?page_id=153"},"modified":"2026-02-05T11:09:00","modified_gmt":"2026-02-05T10:09:00","slug":"gymnasieprogram","status":"publish","type":"page","link":"https:\/\/www.europaskolan.se\/strangnas\/gymnasieprogram\/","title":{"rendered":"V\u00e5ra gymnasieprogram"},"content":{"rendered":"<h3>Till dig som vill s\u00f6ka till Europaskolan Str\u00e4ngn\u00e4s<br \/>\n\u2013 h\u00e4r hittar du all information du beh\u00f6ver<\/h3>\n<p><i><strong>Europaskolan Str\u00e4ngn\u00e4s \u00e4r inget slutm\u00e5l.<\/strong> H\u00e4r studerar du med sikte p\u00e5 fortsatta h\u00f6gskolestudier. Med en akademisk examen p\u00e5 fickan kan du v\u00e4lja framtidens jobb, b\u00e5de i Sverige och utomlands.\u00a0En gr\u00e4nsl\u00f6s arbetsmarknad \u00f6ppnas f\u00f6r dig som redan p\u00e5 gymnasiet har en internationell inriktning\u00a0p\u00e5 dina studier. Precis som p\u00e5 Europaskolan Str\u00e4ngn\u00e4s!<\/i><\/p>\n<h3>Europaskolan Str\u00e4ngn\u00e4s har sex program<br \/>\n\u2013 h\u00e4r kan du l\u00e4sa om dem:<\/h3>\n<ul>\n<li><a href=\"https:\/\/www.europaskolan.se\/strangnas\/gymnasieprogram\/samhallsvetenskapsprogrammet\/\">Samh\u00e4llsvetenskapsprogrammet \u2013 inriktning samh\u00e4llsvetenskap (SA):<\/a>\u00a0SASAP-EU<br \/>\n<a href=\"https:\/\/www.europaskolan.se\/strangnas\/gymnasieprogram\/samhallsvetenskapsprogrammet\/\">Samh\u00e4llsvetenskapsprogrammet \u2013 inriktning beteendevetenskap (SA):<\/a>\u00a0SABEP-EU<\/li>\n<li><a href=\"https:\/\/www.europaskolan.se\/strangnas\/humanistiska-programmet\/\">Humanistiska programmet \u2013 inriktning spr\u00e5k (HU):<\/a> HUSPK-EU<\/li>\n<li><a href=\"https:\/\/www.europaskolan.se\/strangnas\/gymnasieprogram\/ekonomiprogrammet\/\">Ekonomiprogrammet (EK):<\/a> EKEKI-EU<\/li>\n<li><a href=\"https:\/\/www.europaskolan.se\/strangnas\/gymnasieprogram\/naturvetenskapsprogrammet\/\">Naturvetenskapsprogrammet (NA):<\/a> NANAP-EU<\/li>\n<li><a href=\"https:\/\/www.europaskolan.se\/strangnas\/gymnasieprogram\/scienceprogrammet\/\">Scienceprogrammet \u2013 spetsutbildning SCI):<\/a> NANAVSPR-EU<\/li>\n<li><a href=\"https:\/\/www.europaskolan.se\/strangnas\/gymnasieprogram\/modern-humanities-spetsutbildning\/\">Modern Humanities \u2013 spetsutbildning (MOD):<\/a>\u00a0SASAVSPRS-EU<\/li>\n<li><a href=\"https:\/\/www.europaskolan.se\/strangnas\/gymnasieprogram\/estetiska-kurser-som-tillval\/\">Tillvalspaket med estetiska kurser &gt;<\/a><\/li>\n<\/ul>\n<p><strong>Vet du \u00e4nnu inte vad du vill jobba med i framtiden?<\/strong>\u00a0Det g\u00f6r inget. Du beh\u00f6ver\u00a0inte ha best\u00e4mt dig redan n\u00e4r du v\u00e4ljer gymnasieprogram.<\/p>\n<p><b>Med bra studentbetyg fr\u00e5n Europaskolan Str\u00e4ngn\u00e4s,\u00a0<\/b>kan du s\u00f6ka alla h\u00f6gre utbildningar,\u00a0oavsett vilket program du g\u00e5tt. Ibland kanske efter komplettering av n\u00e5got \u00e4mne.<\/p>\n<p><strong>L\u00e4s mer om programmen <\/strong>via l\u00e4nkarna ovan, eller <a href=\"https:\/\/www.europaskolan.se\/strangnas\/wp-content\/uploads\/sites\/2\/2025\/11\/Broschyr_program_251017.pdf\">ladda hem v\u00e5r broschyr som pdf &gt;<\/a><\/p>\n<h3>Ans\u00f6kan<\/h3>\n<p><strong>H\u00e4r hittar du\u00a0<\/strong><a href=\"https:\/\/www.europaskolan.se\/strangnas\/europaskolan-strangnas\/ansokan\/\">information om ans\u00f6kan<\/a> och <a href=\"https:\/\/www.europaskolan.se\/strangnas\/wp-content\/uploads\/sites\/2\/2026\/01\/Ansokningsblankett-till-Europaskolan-Strangnas-26-27.pdf\">ans\u00f6kningsblaktett hittar du h\u00e4r &gt;.<\/a><\/p>\n<hr \/>\n<h3>Musikakademin<\/h3>\n<p><em>\u00c4lskar du musik? Att sjunga, spela instrument eller b\u00e5de och? D\u00e5 ska du passa p\u00e5 att g\u00e5 med i Musikakademin. Det \u00e4r en unik chans att satsa p\u00e5 musiken, samtidigt som du l\u00e4ser ett nationellt gymnasieprogram.<\/em><\/p>\n<p><strong>Genom Musikakademin kan du\u00a0kombinera dina gymnasiestudier med musik, h\u00e4r p\u00e5 Europaskolan Str\u00e4ngn\u00e4s. <\/strong>Det spelar ingen roll vilket program du l\u00e4ser.<\/p>\n<p><strong>Musikakademin best\u00e5r av tv\u00e5 gymnasiekurser, som ger dig 200 po\u00e4ng.<\/strong> Du l\u00e4ser dem inom ramen f\u00f6r Individuellt val under dina tre gymnasie\u00e5r. Kort sagt en unik chans att f\u00f6rdjupa kunskaperna, med hj\u00e4lp av specialiserade musikpedagoger fr\u00e5n Kulturskolan i Str\u00e4ngn\u00e4s!<\/p>\n<ul>\n<li><strong>100 po\u00e4ng Instrument eller s\u00e5ng<\/strong> (MUSINS01S)<\/li>\n<li><strong>100 po\u00e4ng Ensemble<\/strong> (MUSENS01): Ensemble 1 \u00e4r en gemensam kurs f\u00f6r alla, d\u00e4r vi arbetar musikaliskt tillsammans i grupper. Som redovisning visas n\u00e5gon\/n\u00e5gra produktioner upp f\u00f6r publik vid l\u00e4mpliga tillf\u00e4llen. Kursen l\u00e4ses \u00e5r 2 och 3.<\/li>\n<\/ul>\n<p><strong>P\u00e5 Musikakademin f\u00e5r du dubbelt s\u00e5 mycket l\u00e4rarledd lektionstid<\/strong>, \u00e4n vad som normalt ryms inom 100 po\u00e4ng. I praktiken inneb\u00e4r det 40 minuters individuell undervisning i veckan, under alla tre gymnasie\u00e5ren. Men du l\u00e4ser inte ut\u00f6kat program per automatik.<\/p>\n<p><strong>Naturligtvis f\u00e5r du betyg i de musikkurser du deltar i.<\/strong> Dessa betyg ing\u00e5r sedan i ditt examensbevis fr\u00e5n gymnasiet.<\/p>\n<p><em>Tycker du att det l\u00e5ter intressant? G\u00f6r s\u00e5 h\u00e4r: <\/em><\/p>\n<p><strong>Anm\u00e4l dig till Musikakademin <\/strong>via Dexter n\u00e4r du g\u00f6r din vanliga ans\u00f6kan till gymnasiet Europaskolan Str\u00e4ngn\u00e4s.<\/p>\n<hr \/>\n<h3>Vill du veta mer?<\/h3>\n<p><strong>Om du har fr\u00e5gor ang\u00e5ende programmen eller ans\u00f6kan, kontakta:<\/strong><\/p>\n<p><strong>Olympia Berterud<\/strong><br \/>\n<strong>Telefon<\/strong>:\u00a0076-767 02 05<br \/>\n<strong>E-post:<\/strong><strong>\u00a0<\/strong><a href=\"mailto:olympia.berterud@europaskolan.org\">olympia.berterud@europaskolan.or<\/a><\/p>\n<figure><img fetchpriority=\"high\" decoding=\"async\" src=\"https:\/\/www.europaskolan.se\/strangnas\/wp-content\/uploads\/sites\/2\/2020\/06\/ESS_Studenten-2020-10.jpg\" sizes=\"(max-width: 960px) 100vw, 960px\" srcset=\"https:\/\/www.europaskolan.se\/strangnas\/wp-content\/uploads\/sites\/2\/2020\/06\/ESS_Studenten-2020-10.jpg 960w, https:\/\/www.europaskolan.se\/strangnas\/wp-content\/uploads\/sites\/2\/2020\/06\/ESS_Studenten-2020-10-417x300.jpg 417w, https:\/\/www.europaskolan.se\/strangnas\/wp-content\/uploads\/sites\/2\/2020\/06\/ESS_Studenten-2020-10-200x144.jpg 200w, https:\/\/www.europaskolan.se\/strangnas\/wp-content\/uploads\/sites\/2\/2020\/06\/ESS_Studenten-2020-10-768x552.jpg 768w\" alt=\"\" width=\"960\" height=\"690\" \/><\/figure>\n","protected":false},"excerpt":{"rendered":"<p>Med en utbildning fr\u00e5n Europaskolan Str\u00e4ngn\u00e4s, kan du s\u00f6ka alla h\u00f6gre utbildningar.<\/p>\n","protected":false},"author":2,"featured_media":13455,"parent":0,"menu_order":0,"comment_status":"closed","ping_status":"closed","template":"","meta":{"footnotes":""},"class_list":["post-153","page","type-page","status-publish","has-post-thumbnail","hentry"],"blocksy_meta":[],"rttpg_featured_image_url":{"full":["https:\/\/www.europaskolan.se\/strangnas\/wp-content\/uploads\/sites\/2\/2023\/02\/Ess-Elev.jpg",695,960,false],"landscape":["https:\/\/www.europaskolan.se\/strangnas\/wp-content\/uploads\/sites\/2\/2023\/02\/Ess-Elev.jpg",695,960,false],"portraits":["https:\/\/www.europaskolan.se\/strangnas\/wp-content\/uploads\/sites\/2\/2023\/02\/Ess-Elev.jpg",695,960,false],"thumbnail":["https:\/\/www.europaskolan.se\/strangnas\/wp-content\/uploads\/sites\/2\/2023\/02\/Ess-Elev-109x150.jpg",109,150,true],"medium":["https:\/\/www.europaskolan.se\/strangnas\/wp-content\/uploads\/sites\/2\/2023\/02\/Ess-Elev-217x300.jpg",217,300,true],"large":["https:\/\/www.europaskolan.se\/strangnas\/wp-content\/uploads\/sites\/2\/2023\/02\/Ess-Elev.jpg",695,960,false],"1536x1536":["https:\/\/www.europaskolan.se\/strangnas\/wp-content\/uploads\/sites\/2\/2023\/02\/Ess-Elev.jpg",695,960,false],"2048x2048":["https:\/\/www.europaskolan.se\/strangnas\/wp-content\/uploads\/sites\/2\/2023\/02\/Ess-Elev.jpg",695,960,false],"sow-carousel-default":["https:\/\/www.europaskolan.se\/strangnas\/wp-content\/uploads\/sites\/2\/2023\/02\/Ess-Elev-272x182.jpg",272,182,true]},"rttpg_author":{"display_name":"camilla","author_link":"https:\/\/www.europaskolan.se\/strangnas\/author\/camilla\/"},"rttpg_comment":0,"rttpg_category":null,"rttpg_excerpt":"Med en utbildning fr\u00e5n Europaskolan Str\u00e4ngn\u00e4s, kan du s\u00f6ka alla h\u00f6gre utbildningar.","_links":{"self":[{"href":"https:\/\/www.europaskolan.se\/strangnas\/wp-json\/wp\/v2\/pages\/153","targetHints":{"allow":["GET"]}}],"collection":[{"href":"https:\/\/www.europaskolan.se\/strangnas\/wp-json\/wp\/v2\/pages"}],"about":[{"href":"https:\/\/www.europaskolan.se\/strangnas\/wp-json\/wp\/v2\/types\/page"}],"author":[{"embeddable":true,"href":"https:\/\/www.europaskolan.se\/strangnas\/wp-json\/wp\/v2\/users\/2"}],"replies":[{"embeddable":true,"href":"https:\/\/www.europaskolan.se\/strangnas\/wp-json\/wp\/v2\/comments?post=153"}],"version-history":[{"count":0,"href":"https:\/\/www.europaskolan.se\/strangnas\/wp-json\/wp\/v2\/pages\/153\/revisions"}],"wp:featuredmedia":[{"embeddable":true,"href":"https:\/\/www.europaskolan.se\/strangnas\/wp-json\/wp\/v2\/media\/13455"}],"wp:attachment":[{"href":"https:\/\/www.europaskolan.se\/strangnas\/wp-json\/wp\/v2\/media?parent=153"}],"curies":[{"name":"wp","href":"https:\/\/api.w.org\/{rel}","templated":true}]}}