{"id":151,"date":"2013-02-18T18:02:20","date_gmt":"2013-02-18T17:02:20","guid":{"rendered":"https:\/\/www.europaskolan.se\/wordpress\/?page_id=151"},"modified":"2025-11-04T14:22:53","modified_gmt":"2025-11-04T13:22:53","slug":"var-broschyr","status":"publish","type":"page","link":"https:\/\/www.europaskolan.se\/strangnas\/var-broschyr\/","title":{"rendered":"V\u00e5r broschyr"},"content":{"rendered":"<p><i>I v\u00e5r broschyr kan du l\u00e4sa den senaste informationen om Europaskolan Str\u00e4ngn\u00e4s\u00a0och v\u00e5ra program. H\u00e4r ber\u00e4ttar vi ocks\u00e5 om skolans profil och v\u00e4rdegrund.<\/i><a href=\"http:\/\/www.flipsnack.com\/55DB9DAD75E\/europaskolan-strangnas-din-nyckel-till-europa.html\" target=\"_blank\" rel=\"noopener noreferrer\"><br \/>\n<\/a><\/p>\n<p><a href=\"https:\/\/www.europaskolan.se\/strangnas\/wp-content\/uploads\/sites\/2\/2025\/11\/Broschyr_program_251017.pdf\">V\u00e5r broschyr som pdf &gt;<\/a><\/p>\n<p>&nbsp;<\/p>\n<p><a href=\"https:\/\/www.europaskolan.se\/strangnas\/wp-content\/uploads\/sites\/2\/2024\/11\/ESS-Programbroschyr-2024.pdf\"><img fetchpriority=\"high\" decoding=\"async\" class=\"alignnone wp-image-15796 \" src=\"https:\/\/www.europaskolan.se\/strangnas\/wp-content\/uploads\/sites\/2\/2024\/11\/ESS_Programbroschyr_2024-715x1024.jpg\" alt=\"\" width=\"506\" height=\"725\" srcset=\"https:\/\/www.europaskolan.se\/strangnas\/wp-content\/uploads\/sites\/2\/2024\/11\/ESS_Programbroschyr_2024-715x1024.jpg 715w, https:\/\/www.europaskolan.se\/strangnas\/wp-content\/uploads\/sites\/2\/2024\/11\/ESS_Programbroschyr_2024-210x300.jpg 210w, https:\/\/www.europaskolan.se\/strangnas\/wp-content\/uploads\/sites\/2\/2024\/11\/ESS_Programbroschyr_2024-105x150.jpg 105w, https:\/\/www.europaskolan.se\/strangnas\/wp-content\/uploads\/sites\/2\/2024\/11\/ESS_Programbroschyr_2024-768x1100.jpg 768w, https:\/\/www.europaskolan.se\/strangnas\/wp-content\/uploads\/sites\/2\/2024\/11\/ESS_Programbroschyr_2024-1073x1536.jpg 1073w, https:\/\/www.europaskolan.se\/strangnas\/wp-content\/uploads\/sites\/2\/2024\/11\/ESS_Programbroschyr_2024-1430x2048.jpg 1430w, https:\/\/www.europaskolan.se\/strangnas\/wp-content\/uploads\/sites\/2\/2024\/11\/ESS_Programbroschyr_2024.jpg 1788w\" sizes=\"(max-width: 506px) 100vw, 506px\" \/><\/a><\/p>\n<p><i>Trevlig l\u00e4sning!<\/i><\/p>\n","protected":false},"excerpt":{"rendered":"<p>I v\u00e5r broschyr kan du l\u00e4sa den senaste informationen om Europaskolan Str\u00e4ngn\u00e4s\u00a0och v\u00e5ra program. H\u00e4r ber\u00e4ttar vi ocks\u00e5 om skolans profil och v\u00e4rdegrund. V\u00e5r broschyr som pdf &gt; &nbsp; Trevlig l\u00e4sning!<\/p>\n","protected":false},"author":2,"featured_media":0,"parent":0,"menu_order":10,"comment_status":"closed","ping_status":"closed","template":"","meta":{"footnotes":""},"class_list":["post-151","page","type-page","status-publish","hentry"],"blocksy_meta":[],"rttpg_featured_image_url":null,"rttpg_author":{"display_name":"camilla","author_link":"https:\/\/www.europaskolan.se\/strangnas\/author\/camilla\/"},"rttpg_comment":0,"rttpg_category":null,"rttpg_excerpt":"I v\u00e5r broschyr kan du l\u00e4sa den senaste informationen om Europaskolan Str\u00e4ngn\u00e4s\u00a0och v\u00e5ra program. H\u00e4r ber\u00e4ttar vi ocks\u00e5 om skolans profil och v\u00e4rdegrund. V\u00e5r broschyr som pdf &gt; &nbsp; Trevlig l\u00e4sning!","_links":{"self":[{"href":"https:\/\/www.europaskolan.se\/strangnas\/wp-json\/wp\/v2\/pages\/151","targetHints":{"allow":["GET"]}}],"collection":[{"href":"https:\/\/www.europaskolan.se\/strangnas\/wp-json\/wp\/v2\/pages"}],"about":[{"href":"https:\/\/www.europaskolan.se\/strangnas\/wp-json\/wp\/v2\/types\/page"}],"author":[{"embeddable":true,"href":"https:\/\/www.europaskolan.se\/strangnas\/wp-json\/wp\/v2\/users\/2"}],"replies":[{"embeddable":true,"href":"https:\/\/www.europaskolan.se\/strangnas\/wp-json\/wp\/v2\/comments?post=151"}],"version-history":[{"count":0,"href":"https:\/\/www.europaskolan.se\/strangnas\/wp-json\/wp\/v2\/pages\/151\/revisions"}],"wp:attachment":[{"href":"https:\/\/www.europaskolan.se\/strangnas\/wp-json\/wp\/v2\/media?parent=151"}],"curies":[{"name":"wp","href":"https:\/\/api.w.org\/{rel}","templated":true}]}}