{"id":8802,"date":"2018-06-04T11:38:06","date_gmt":"2018-06-04T09:38:06","guid":{"rendered":"http:\/\/rogge.europaskolan.org\/?page_id=8802"},"modified":"2024-01-03T11:17:33","modified_gmt":"2024-01-03T10:17:33","slug":"studie-och-yrkesvagledare","status":"publish","type":"page","link":"https:\/\/www.europaskolan.se\/rogge\/studie-och-yrkesvagledare\/","title":{"rendered":"Studie- och yrkesv\u00e4gledare"},"content":{"rendered":"<p><em><img fetchpriority=\"high\" decoding=\"async\" class=\"alignnone size-full wp-image-8803\" src=\"https:\/\/www.europaskolan.se\/rogge\/wp-content\/uploads\/sites\/3\/2018\/06\/Europaskolan-Rogge_SYV-1.jpg\" alt=\"\" width=\"940\" height=\"400\" srcset=\"https:\/\/www.europaskolan.se\/rogge\/wp-content\/uploads\/sites\/3\/2018\/06\/Europaskolan-Rogge_SYV-1.jpg 940w, https:\/\/www.europaskolan.se\/rogge\/wp-content\/uploads\/sites\/3\/2018\/06\/Europaskolan-Rogge_SYV-1-300x128.jpg 300w, https:\/\/www.europaskolan.se\/rogge\/wp-content\/uploads\/sites\/3\/2018\/06\/Europaskolan-Rogge_SYV-1-768x327.jpg 768w\" sizes=\"(max-width: 940px) 100vw, 940px\" \/><\/em><\/p>\n<p><em>Har du funderingar inf\u00f6r gymnasievalet? Vilka m\u00f6jligheter finns f\u00f6r just dig? Kom till v\u00e5r studie- och yrkesv\u00e4gledare. Hit \u00e4r du v\u00e4lkommen med dina fr\u00e5gor och funderingar om grundskolan, gymnasiet, senare studier samt framtida yrken.<\/em><\/p>\n<p><strong>Hos studie- och yrkesv\u00e4gledaren (syv) f\u00e5r du hj\u00e4lp med v\u00e4gledning, information och r\u00e5d.\u00a0<\/strong>Det beh\u00f6ver inte bara handla om gymnasievalet, utan \u00e4ven andra fr\u00e5gor som kan uppst\u00e5 under din tid i grundskolan.<\/p>\n<p><strong>Vad skulle just du vilja g\u00f6ra i framtiden och hur kan v\u00e4gen dit se ut?\u00a0<\/strong>Kanske funderar du redan nu p\u00e5 framtida yrken\u00a0som kan passa dig. Vad \u00e4r kraven f\u00f6r att komma dit? \u00c4r det n\u00e5got speciellt du m\u00e5ste fokusera p\u00e5? Fr\u00e5gorna kan vara m\u00e5nga och det \u00e4r d\u00e4rf\u00f6r syv finns p\u00e5 skolan.<\/p>\n<p><strong>Kom och tala med syv.<\/strong>\u00a0Du beh\u00f6ver absolut inte ha best\u00e4mt dig f\u00f6r n\u00e5got.<br \/>\nStudie- och yrkesv\u00e4gledaren lyssnar och\u00a0ber\u00e4ttar om olika m\u00f6jligheter. Syv \u00e4r ditt bollplank \u2013 passa p\u00e5 att anv\u00e4nda det!<\/p>\n<p><strong>Europaskolan Rogges studie- och yrkesv\u00e4gledare\u00a0heter Nicklas Hellmark <\/strong>och har mottagning i E-huset p\u00e5 andra v\u00e5ningen.<\/p>\n<p><strong>Mottagningstid:<\/strong> fredagar samt extratider vid s\u00e4rskilda tillf\u00e4llen, som inf\u00f6r gymnasievalet, temavecka samt prao.<\/p>\n<p><strong>E-post:<\/strong>\u00a0<a href=\"mailto:nicklas.hellmark@europaskolan.se\">nicklas.hellmark@europaskolan.se<\/a><\/p>\n<hr \/>\n<h3>10 fr\u00e5gor inf\u00f6r gymnasievalet<\/h3>\n<p>Vill du att ditt val av gymnasieprogram ska leda till att du trivs\/har roligt, k\u00e4nner inspiration och f\u00e5r bra betyg? Att du f\u00e5r beh\u00f6righet till h\u00f6gskola\/universitet eller att du kan b\u00f6rja jobba direkt efter gymnasiet? D\u00e5 beh\u00f6ver du besvara dessa 10 fr\u00e5gor inf\u00f6r gymnasievalet:<\/p>\n<ol>\n<li>N\u00e4r jag ser mina slutbetyg, kommer jag d\u00e5 kunna s\u00e4ga till mig sj\u00e4lv: \u201dJag \u00e4r n\u00f6jd med mina betyg, d\u00e5 jag har gjort mitt b\u00e4sta i alla \u00e4mnen\u201d?<\/li>\n<li>Har jag ett dr\u00f6myrke som kommer att styra mitt val av gymnasieprogram?<\/li>\n<li>Vilka \u00e4r mina styrkor i skolan?<\/li>\n<li>Vilka \u00e4r mina svagheter i skolan?<\/li>\n<li>Vilka \u00e4r mina intressen, vad brinner jag f\u00f6r och vad tycker jag \u00e4r roligt?<\/li>\n<li>Vill jag ha en praktisk eller teoretisk gymnasieutbildning?<\/li>\n<li>Har jag koll p\u00e5 alla gymnasieprogram och vad de leder till?<\/li>\n<li>Best\u00e4mmer jag \u00f6ver mitt val sj\u00e4lv?<\/li>\n<li>\u00c4r pendla eller flytta n\u00e5got alternativ, eller vill jag g\u00e5 p\u00e5 gymnasiet i Str\u00e4ngn\u00e4s*?<\/li>\n<li>Har jag anv\u00e4nt b\u00e5de hj\u00e4rta och hj\u00e4rna n\u00e4r jag har kommit fram till mitt val?<\/li>\n<\/ol>\n<p>*) Vill du forts\u00e4tta inom Europaskolan? <a href=\"https:\/\/www.europaskolan.se\/strangnas\/\">H\u00e4r kan du l\u00e4sa om gymnasiet Europaskolan Str\u00e4ngn\u00e4s &gt;<\/a><\/p>\n<hr \/>\n<h3>L\u00e4nktips:<\/h3>\n<p><a href=\"https:\/\/www.saco.se\/studieval\">https:\/\/www.saco.se\/studieval<\/a><br \/>\nH\u00e4r f\u00e5r du framf\u00f6r allt hj\u00e4lp med ditt val till gymnasiet. Exempelvis f\u00f6rklaras metoden in\u00e5t-ut\u00e5t-fram\u00e5t. Du kan \u00e4ven hitta mycket information kopplad till yrken.<\/p>\n<p><a href=\"https:\/\/www.fragasyv.se\/\">https:\/\/www.fragasyv.se<\/a><br \/>\nOm du har fr\u00e5gor kring studierna kan du st\u00e4lla dem i detta forum. B\u00f6rja med att kolla i arkivet efter svar.<\/p>\n<p><a href=\"https:\/\/www.gymnasieguiden.se\/\">https:\/\/www.gymnasieguiden.se<\/a><br \/>\nEn sida om gymnasievalet.<\/p>\n<p><a href=\"https:\/\/www.gymnasium.se\/\">https:\/\/www.gymnasium.se<\/a><br \/>\nEn sida om gymnasievalet.<\/p>\n<p><a href=\"https:\/\/utbildningsguiden.skolverket.se\/gymnasieskolan\/gymnasievalet\">https:\/\/utbildningsguiden.skolverket.se\/gymnasieskolan\/gymnasievalet<\/a><br \/>\nEn sida om gymnasievalet som Skolverket st\u00e5r bakom.<\/p>\n<p><a href=\"http:\/\/allastudier.se\/utbildningar\/\">http:\/\/allastudier.se\/utbildningar<\/a><br \/>\nEn relativt helt\u00e4ckande sida n\u00e4r det till exempel g\u00e4ller gymnasievalet samt yrken.<\/p>\n<p><a href=\"https:\/\/www.arbetsformedlingen.se\/\">https:\/\/www.arbetsformedlingen.se<\/a><br \/>\nH\u00e4r hittar du information om yrken och arbetsmarknaden.<\/p>\n<p><a href=\"https:\/\/www.framtid.se\/\">https:\/\/www.framtid.se<\/a><br \/>\nH\u00e4r hittar du information om yrken, utbildningar, att skriva cv, etc.<\/p>\n<p><a href=\"http:\/\/www.spetsutbildningar.se\/\">http:\/\/www.spetsutbildningar.se<\/a><br \/>\nEn guide till de flesta av Sveriges spetsutbildningar.<\/p>\n","protected":false},"excerpt":{"rendered":"<p>Har du funderingar inf\u00f6r gymnasievalet? Vilka m\u00f6jligheter finns f\u00f6r just dig? Kom till v\u00e5r studie- och yrkesv\u00e4gledare. Hit \u00e4r du v\u00e4lkommen med dina fr\u00e5gor och funderingar om grundskolan, gymnasiet, senare studier samt framtida yrken. Hos studie- och yrkesv\u00e4gledaren (syv) f\u00e5r du hj\u00e4lp med v\u00e4gledning, information och r\u00e5d.\u00a0Det beh\u00f6ver inte bara handla om gymnasievalet, utan \u00e4ven [&hellip;]<\/p>\n","protected":false},"author":2,"featured_media":0,"parent":0,"menu_order":0,"comment_status":"closed","ping_status":"closed","template":"","meta":{"footnotes":""},"class_list":["post-8802","page","type-page","status-publish","hentry"],"blocksy_meta":[],"rttpg_featured_image_url":null,"rttpg_author":{"display_name":"camilla","author_link":"https:\/\/www.europaskolan.se\/rogge\/author\/camilla\/"},"rttpg_comment":0,"rttpg_category":null,"rttpg_excerpt":"Har du funderingar inf\u00f6r gymnasievalet? Vilka m\u00f6jligheter finns f\u00f6r just dig? Kom till v\u00e5r studie- och yrkesv\u00e4gledare. Hit \u00e4r du v\u00e4lkommen med dina fr\u00e5gor och funderingar om grundskolan, gymnasiet, senare studier samt framtida yrken. Hos studie- och yrkesv\u00e4gledaren (syv) f\u00e5r du hj\u00e4lp med v\u00e4gledning, information och r\u00e5d.\u00a0Det beh\u00f6ver inte bara handla om gymnasievalet, utan \u00e4ven&hellip;","_links":{"self":[{"href":"https:\/\/www.europaskolan.se\/rogge\/wp-json\/wp\/v2\/pages\/8802","targetHints":{"allow":["GET"]}}],"collection":[{"href":"https:\/\/www.europaskolan.se\/rogge\/wp-json\/wp\/v2\/pages"}],"about":[{"href":"https:\/\/www.europaskolan.se\/rogge\/wp-json\/wp\/v2\/types\/page"}],"author":[{"embeddable":true,"href":"https:\/\/www.europaskolan.se\/rogge\/wp-json\/wp\/v2\/users\/2"}],"replies":[{"embeddable":true,"href":"https:\/\/www.europaskolan.se\/rogge\/wp-json\/wp\/v2\/comments?post=8802"}],"version-history":[{"count":0,"href":"https:\/\/www.europaskolan.se\/rogge\/wp-json\/wp\/v2\/pages\/8802\/revisions"}],"wp:attachment":[{"href":"https:\/\/www.europaskolan.se\/rogge\/wp-json\/wp\/v2\/media?parent=8802"}],"curies":[{"name":"wp","href":"https:\/\/api.w.org\/{rel}","templated":true}]}}