{"id":560,"date":"2013-02-27T14:32:48","date_gmt":"2013-02-27T13:32:48","guid":{"rendered":"https:\/\/www.europaskolan.se\/wordpress\/?page_id=560"},"modified":"2026-01-14T11:33:51","modified_gmt":"2026-01-14T10:33:51","slug":"ladan","status":"publish","type":"page","link":"https:\/\/www.europaskolan.se\/rogge\/ladan\/","title":{"rendered":"Ladan"},"content":{"rendered":"<p><img fetchpriority=\"high\" decoding=\"async\" class=\"alignnone size-large wp-image-11043\" src=\"https:\/\/www.europaskolan.se\/rogge\/wp-content\/uploads\/sites\/3\/2024\/01\/ESR_Ladan-1-1024x683.jpg\" alt=\"\" width=\"1024\" height=\"683\" srcset=\"https:\/\/www.europaskolan.se\/rogge\/wp-content\/uploads\/sites\/3\/2024\/01\/ESR_Ladan-1-1024x683.jpg 1024w, https:\/\/www.europaskolan.se\/rogge\/wp-content\/uploads\/sites\/3\/2024\/01\/ESR_Ladan-1-450x300.jpg 450w, https:\/\/www.europaskolan.se\/rogge\/wp-content\/uploads\/sites\/3\/2024\/01\/ESR_Ladan-1-200x133.jpg 200w, https:\/\/www.europaskolan.se\/rogge\/wp-content\/uploads\/sites\/3\/2024\/01\/ESR_Ladan-1-768x512.jpg 768w, https:\/\/www.europaskolan.se\/rogge\/wp-content\/uploads\/sites\/3\/2024\/01\/ESR_Ladan-1-1536x1024.jpg 1536w, https:\/\/www.europaskolan.se\/rogge\/wp-content\/uploads\/sites\/3\/2024\/01\/ESR_Ladan-1-2048x1365.jpg 2048w, https:\/\/www.europaskolan.se\/rogge\/wp-content\/uploads\/sites\/3\/2024\/01\/ESR_Ladan-1-272x182.jpg 272w\" sizes=\"(max-width: 1024px) 100vw, 1024px\" \/><\/p>\n<p><em>Ladan \u00e4r en plats f\u00f6r fritid och avkoppling, f\u00f6r dig som g\u00e5r p\u00e5 h\u00f6gstadiet. H\u00e4r kan du fika, spela spel eller bara h\u00e4nga med dina kompisar. Lokalerna best\u00e5r av nio rum som ligger p\u00e5 tv\u00e5 v\u00e5ningar i Sackska huset. Det \u00e4r Europaskolan Rogges \u00e4ldsta byggnad, fr\u00e5n 1908, som i n\u00e4stan 80 \u00e5r var en mycket popul\u00e4r hush\u00e5llsskola. V\u00e5ren 2021 flyttade Ladan in h\u00e4r i helt nyrenoverade lokaler.<br \/>\n<\/em><\/p>\n<p><img decoding=\"async\" class=\"alignnone size-full wp-image-9736\" src=\"https:\/\/www.europaskolan.se\/rogge\/wp-content\/uploads\/sites\/3\/2021\/05\/ESR_Ladan-7.jpg\" alt=\"\" width=\"1017\" height=\"936\" srcset=\"https:\/\/www.europaskolan.se\/rogge\/wp-content\/uploads\/sites\/3\/2021\/05\/ESR_Ladan-7.jpg 1017w, https:\/\/www.europaskolan.se\/rogge\/wp-content\/uploads\/sites\/3\/2021\/05\/ESR_Ladan-7-326x300.jpg 326w, https:\/\/www.europaskolan.se\/rogge\/wp-content\/uploads\/sites\/3\/2021\/05\/ESR_Ladan-7-163x150.jpg 163w, https:\/\/www.europaskolan.se\/rogge\/wp-content\/uploads\/sites\/3\/2021\/05\/ESR_Ladan-7-768x707.jpg 768w\" sizes=\"(max-width: 1017px) 100vw, 1017px\" \/><\/p>\n<p><img decoding=\"async\" class=\"alignnone size-full wp-image-9739\" src=\"https:\/\/www.europaskolan.se\/rogge\/wp-content\/uploads\/sites\/3\/2021\/05\/ESR_Ladan-4.jpg\" alt=\"\" width=\"640\" height=\"550\" srcset=\"https:\/\/www.europaskolan.se\/rogge\/wp-content\/uploads\/sites\/3\/2021\/05\/ESR_Ladan-4.jpg 640w, https:\/\/www.europaskolan.se\/rogge\/wp-content\/uploads\/sites\/3\/2021\/05\/ESR_Ladan-4-349x300.jpg 349w, https:\/\/www.europaskolan.se\/rogge\/wp-content\/uploads\/sites\/3\/2021\/05\/ESR_Ladan-4-175x150.jpg 175w\" sizes=\"(max-width: 640px) 100vw, 640px\" \/><\/p>\n<p><strong>Spela spel eller kort? Plugga eller snacka<\/strong> bort en stund? Valet \u00e4r ditt! Kanske vill du bara koppla av en stund i soffh\u00f6rnet och ladda batterierna med fika. H\u00e4r kan du \u00e4ven h\u00e4mta rastmaterial, som till exempel fotbollar, basketboll eller pingisrack.<\/p>\n<p><img loading=\"lazy\" decoding=\"async\" class=\"alignnone size-full wp-image-9737\" src=\"https:\/\/www.europaskolan.se\/rogge\/wp-content\/uploads\/sites\/3\/2021\/05\/ESR_Ladan-6.jpg\" alt=\"\" width=\"1080\" height=\"993\" srcset=\"https:\/\/www.europaskolan.se\/rogge\/wp-content\/uploads\/sites\/3\/2021\/05\/ESR_Ladan-6.jpg 1080w, https:\/\/www.europaskolan.se\/rogge\/wp-content\/uploads\/sites\/3\/2021\/05\/ESR_Ladan-6-326x300.jpg 326w, https:\/\/www.europaskolan.se\/rogge\/wp-content\/uploads\/sites\/3\/2021\/05\/ESR_Ladan-6-1024x942.jpg 1024w, https:\/\/www.europaskolan.se\/rogge\/wp-content\/uploads\/sites\/3\/2021\/05\/ESR_Ladan-6-163x150.jpg 163w, https:\/\/www.europaskolan.se\/rogge\/wp-content\/uploads\/sites\/3\/2021\/05\/ESR_Ladan-6-768x706.jpg 768w\" sizes=\"(max-width: 1080px) 100vw, 1080px\" \/><\/p>\n<p><img loading=\"lazy\" decoding=\"async\" class=\"alignnone size-full wp-image-9738\" src=\"https:\/\/www.europaskolan.se\/rogge\/wp-content\/uploads\/sites\/3\/2021\/05\/ESR_Ladan-5.jpg\" alt=\"\" width=\"1080\" height=\"1071\" srcset=\"https:\/\/www.europaskolan.se\/rogge\/wp-content\/uploads\/sites\/3\/2021\/05\/ESR_Ladan-5.jpg 1080w, https:\/\/www.europaskolan.se\/rogge\/wp-content\/uploads\/sites\/3\/2021\/05\/ESR_Ladan-5-303x300.jpg 303w, https:\/\/www.europaskolan.se\/rogge\/wp-content\/uploads\/sites\/3\/2021\/05\/ESR_Ladan-5-1024x1015.jpg 1024w, https:\/\/www.europaskolan.se\/rogge\/wp-content\/uploads\/sites\/3\/2021\/05\/ESR_Ladan-5-151x150.jpg 151w, https:\/\/www.europaskolan.se\/rogge\/wp-content\/uploads\/sites\/3\/2021\/05\/ESR_Ladan-5-768x762.jpg 768w\" sizes=\"(max-width: 1080px) 100vw, 1080px\" \/><\/p>\n<p><strong>I Ladans caf\u00e9 kan du k\u00f6pa varm choklad, smoothie och toast, <\/strong>med mera.\u00a0<em>Obs, vi tar endast kontanter i caf\u00e9et.<\/em><\/p>\n<p><strong>N\u00e4r skoldagen \u00e4r slut erbjuder vi l\u00e4xhj\u00e4lp i Ladan, <\/strong>veckans tre f\u00f6rsta dagar. H\u00e4r \u00e4r tiderna f\u00f6r l\u00e4xhj\u00e4lpen: m\u00e5ndagar 14.30\u201316.30, tisdagar 14.30\u201315.30 och onsdagar 14.30\u201316.30.<\/p>\n<p><strong>I samband med att l\u00e4xhj\u00e4lpen startar kan <em>alla <\/em>elever handla i v\u00e5rt caf\u00e9, <\/strong>inte bara h\u00f6gstadiet. Passa p\u00e5 att fylla p\u00e5 med energi innan l\u00e4xhj\u00e4lpen drar i g\u00e5ng!<\/p>\n<p><strong>Kul att veta: Ladan ligger i ett hus som byggdes \u00e5r 1908 f\u00f6r att bli Benninge Hemskola,<\/strong> sedermera Benninge Lanthush\u00e5llsskola och d\u00e4refter ett gymnasium med specialkurser inom konsumtions- och hush\u00e5llsomr\u00e5det.<\/p>\n<p><strong>Hush\u00e5llsskolan blev mycket popul\u00e4r<\/strong> och startades av den driftiga friherrinnan Eva Sack, som ville utbilda kvinnor fr\u00e5n alla samh\u00e4llsklasser i hemmets sk\u00f6tsel och djurh\u00e5llning. I dag, \u00f6ver 100 \u00e5r senare, \u00e4r det Ladan som anv\u00e4nder husets \u00f6versta v\u00e5ningar, som dessutom \u00e4r omm\u00e5lade under jullovet 2025.<\/p>\n<p><a href=\"https:\/\/www.europaskolan.se\/rogge\/benninge-en-anrik-plats-for-utbildning-i-strangnas\/\"><strong>L\u00e4s g\u00e4rna den fascinerande historien om Eva Sack och hennes hush\u00e5llsskola h\u00e4r<\/strong> &gt;<\/a><\/p>\n<p>Fotnot: Namnet Ladan h\u00e4nger kvar fr\u00e5n den tid d\u00e5 lokalen l\u00e5g just i en lada p\u00e5 skolomr\u00e5det.<\/p>\n<hr \/>\n<h3>Kontakt<\/h3>\n<p><strong>Kim Karlsson<\/strong><strong><br \/>\nE-post:\u00a0<\/strong><a href=\"mailto:kim.karlsson@europaskolan.se\">kim.karlsson@europaskolan.se<\/a><\/p>\n","protected":false},"excerpt":{"rendered":"<p>Ladan \u00e4r en plats f\u00f6r fritid och avkoppling, f\u00f6r dig som g\u00e5r p\u00e5 h\u00f6gstadiet. H\u00e4r kan du fika, spela spel eller bara h\u00e4nga med dina kompisar. Lokalerna best\u00e5r av nio rum som ligger p\u00e5 tv\u00e5 v\u00e5ningar i Sackska huset. Det \u00e4r Europaskolan Rogges \u00e4ldsta byggnad, fr\u00e5n 1908, som i n\u00e4stan 80 \u00e5r var en mycket [&hellip;]<\/p>\n","protected":false},"author":2,"featured_media":0,"parent":0,"menu_order":3,"comment_status":"closed","ping_status":"closed","template":"","meta":{"footnotes":""},"class_list":["post-560","page","type-page","status-publish","hentry"],"blocksy_meta":[],"rttpg_featured_image_url":null,"rttpg_author":{"display_name":"camilla","author_link":"https:\/\/www.europaskolan.se\/rogge\/author\/camilla\/"},"rttpg_comment":0,"rttpg_category":null,"rttpg_excerpt":"Ladan \u00e4r en plats f\u00f6r fritid och avkoppling, f\u00f6r dig som g\u00e5r p\u00e5 h\u00f6gstadiet. H\u00e4r kan du fika, spela spel eller bara h\u00e4nga med dina kompisar. Lokalerna best\u00e5r av nio rum som ligger p\u00e5 tv\u00e5 v\u00e5ningar i Sackska huset. Det \u00e4r Europaskolan Rogges \u00e4ldsta byggnad, fr\u00e5n 1908, som i n\u00e4stan 80 \u00e5r var en mycket&hellip;","_links":{"self":[{"href":"https:\/\/www.europaskolan.se\/rogge\/wp-json\/wp\/v2\/pages\/560","targetHints":{"allow":["GET"]}}],"collection":[{"href":"https:\/\/www.europaskolan.se\/rogge\/wp-json\/wp\/v2\/pages"}],"about":[{"href":"https:\/\/www.europaskolan.se\/rogge\/wp-json\/wp\/v2\/types\/page"}],"author":[{"embeddable":true,"href":"https:\/\/www.europaskolan.se\/rogge\/wp-json\/wp\/v2\/users\/2"}],"replies":[{"embeddable":true,"href":"https:\/\/www.europaskolan.se\/rogge\/wp-json\/wp\/v2\/comments?post=560"}],"version-history":[{"count":0,"href":"https:\/\/www.europaskolan.se\/rogge\/wp-json\/wp\/v2\/pages\/560\/revisions"}],"wp:attachment":[{"href":"https:\/\/www.europaskolan.se\/rogge\/wp-json\/wp\/v2\/media?parent=560"}],"curies":[{"name":"wp","href":"https:\/\/api.w.org\/{rel}","templated":true}]}}